{"id":780070,"date":"2024-10-26T02:21:51","date_gmt":"2024-10-26T00:21:51","guid":{"rendered":"https:\/\/streetmarkets.fr\/app\/produit\/bonnet-a-revers-h24-accessoires-ecru\/"},"modified":"2025-02-24T01:07:12","modified_gmt":"2025-02-24T00:07:12","slug":"bonnet-a-revers-h24-accessoires-ecru","status":"publish","type":"product","link":"https:\/\/streetmarkets.fr\/app\/produit\/bonnet-a-revers-h24-accessoires-ecru\/","title":{"rendered":"Bonnet \u00e0 Revers Cachemire Bross\u00e9 (H24 \/ ACCESSOIRES \/ Ecru)"},"content":{"rendered":"<p>Un classique r\u00e9invent\u00e9 avec audace : ce bonnet \u00e0 revers se twiste de liens de serrage pour un ajustement parfait. Confectionn\u00e9 en cachemire bross\u00e9, il vous enveloppe de chaleur et d&#8217;\u00e9l\u00e9gance.<\/p>\n<p>&#8211; Bonnet en cachemire bross\u00e9<br \/>\n<br \/>&#8211; \u00c0 revers<br \/>\n<br \/>&#8211; C\u00f4tel\u00e9<br \/>\n<br \/>&#8211; Cordons de serrage<br \/>\n<br \/>&#8211; Taille unique<br \/>&#8211; <u>Cachemire 4 fils<\/u> <\/p>\n","protected":false},"excerpt":{"rendered":"<p>Un classique r\u00e9invent\u00e9 avec audace : ce bonnet \u00e0 revers se twiste de liens de serrage pour un ajustement parfait. Confectionn\u00e9 en cachemire bross\u00e9, il vous enveloppe de chaleur et d&#8217;\u00e9l\u00e9gance. &#8211; Bonnet en cachemire bross\u00e9 &#8211; \u00c0 revers &#8211; C\u00f4tel\u00e9 &#8211; Cordons de serrage &#8211; Taille unique&#8211; Cachemire 4 fils<\/p>\n","protected":false},"featured_media":780071,"comment_status":"open","ping_status":"closed","template":"","meta":[],"product_brand":[6868],"product_cat":[1756,1764],"product_tag":[2244],"acf":[],"_links":{"self":[{"href":"https:\/\/streetmarkets.fr\/app\/wp-json\/wp\/v2\/product\/780070"}],"collection":[{"href":"https:\/\/streetmarkets.fr\/app\/wp-json\/wp\/v2\/product"}],"about":[{"href":"https:\/\/streetmarkets.fr\/app\/wp-json\/wp\/v2\/types\/product"}],"replies":[{"embeddable":true,"href":"https:\/\/streetmarkets.fr\/app\/wp-json\/wp\/v2\/comments?post=780070"}],"wp:featuredmedia":[{"embeddable":true,"href":"https:\/\/streetmarkets.fr\/app\/wp-json\/wp\/v2\/media\/780071"}],"wp:attachment":[{"href":"https:\/\/streetmarkets.fr\/app\/wp-json\/wp\/v2\/media?parent=780070"}],"wp:term":[{"taxonomy":"product_brand","embeddable":true,"href":"https:\/\/streetmarkets.fr\/app\/wp-json\/wp\/v2\/product_brand?post=780070"},{"taxonomy":"product_cat","embeddable":true,"href":"https:\/\/streetmarkets.fr\/app\/wp-json\/wp\/v2\/product_cat?post=780070"},{"taxonomy":"product_tag","embeddable":true,"href":"https:\/\/streetmarkets.fr\/app\/wp-json\/wp\/v2\/product_tag?post=780070"}],"curies":[{"name":"wp","href":"https:\/\/api.w.org\/{rel}","templated":true}]}}