{"id":778287,"date":"2024-10-24T06:44:15","date_gmt":"2024-10-24T04:44:15","guid":{"rendered":"https:\/\/streetmarkets.fr\/app\/produit\/slim-delon-jersey-flex-blazer\/"},"modified":"2026-03-16T05:42:48","modified_gmt":"2026-03-16T04:42:48","slug":"slim-delon-jersey-flex-blazer","status":"publish","type":"product","link":"https:\/\/streetmarkets.fr\/app\/produit\/slim-delon-jersey-flex-blazer\/","title":{"rendered":"Slim Delon Jersey Flex Blazer"},"content":{"rendered":"<p><!--td {border: 1px solid #cccccc;}br {mso-data-placement:same-cell;}--><\/p>\n<p><span data-sheets-root=\"1\">Offrez-vous un look \u00e9l\u00e9gant et d\u00e9contract\u00e9 avec le <strong>Blazer Slim Delon Jersey Flex<\/strong> de <strong>Selected<\/strong>, disponible en Light Grey Mel et Navy Blazer. <\/span><\/p>\n<p><span data-sheets-root=\"1\">Ce blazer \u00e0 <strong>simple boutonnage<\/strong> est confectionn\u00e9 \u00e0 partir d&#8217;un <strong>tissu jersey innovant<\/strong>, lui donnant une <strong>l\u00e9g\u00e8ret\u00e9 <\/strong>exceptionnelle. Gr\u00e2ce \u00e0 cette mati\u00e8re, oubliez les costumes froiss\u00e9es.<\/p>\n<p>Dot\u00e9 des <strong>d\u00e9tails classiques<\/strong> de la tenue de ville, comme le <strong>revers crant\u00e9<\/strong> et la <strong>poche poitrine <\/strong>soud\u00e9e, ce blazer offre \u00e9galement un <strong>confort optimal<\/strong> gr\u00e2ce \u00e0 sa<strong> doublure int\u00e9grale<\/strong>. Les <strong>manches longues<\/strong> avec poignets boutonn\u00e9s ajoutent une touche sophistiqu\u00e9e, tandis que les poches plaqu\u00e9es sur le devant offrent une fonctionnalit\u00e9 suppl\u00e9mentaire.<\/p>\n<p>Portez-le en<strong> costume deux-pi\u00e8ces <\/strong>avec le pantalon assorti de notre collection pour un look complet et \u00e9l\u00e9gant : le <strong>Slim Delon Jersey Flex Trousers. <\/strong>Superposez une chemise imprim\u00e9e en dessous pour une touche de style. Compl\u00e9tez la tenue avec des chaussures en cuir pour une <strong>allure chic et d\u00e9contract\u00e9e<\/strong>.<\/p>\n<p>Con\u00e7u avec du Lenzing\u2122 ECOVERO\u2122, un mat\u00e9riau respectueux de l&#8217;environnement, le <strong>Blazer Slim Delon Jersey Flex<\/strong> de Selected allie style, confort et durabilit\u00e9. Disponible d\u00e8s maintenant dans notre boutique <strong>Harold <\/strong>\u00e0 Paris et sur notre site internet.<\/span><\/p>\n","protected":false},"excerpt":{"rendered":"<p>Offrez-vous un look \u00e9l\u00e9gant et d\u00e9contract\u00e9 avec le Blazer Slim Delon Jersey Flex de Selected, disponible en Light Grey Mel et Navy Blazer. Ce blazer \u00e0 simple boutonnage est confectionn\u00e9 \u00e0 partir d&#8217;un tissu jersey innovant, lui donnant une l\u00e9g\u00e8ret\u00e9 exceptionnelle. Gr\u00e2ce \u00e0 cette mati\u00e8re, oubliez les costumes froiss\u00e9es. Dot\u00e9 des d\u00e9tails classiques de la [&hellip;]<\/p>\n","protected":false},"featured_media":778288,"comment_status":"open","ping_status":"closed","template":"","meta":[],"product_brand":[],"product_cat":[1756,1758],"product_tag":[2244],"acf":[],"_links":{"self":[{"href":"https:\/\/streetmarkets.fr\/app\/wp-json\/wp\/v2\/product\/778287"}],"collection":[{"href":"https:\/\/streetmarkets.fr\/app\/wp-json\/wp\/v2\/product"}],"about":[{"href":"https:\/\/streetmarkets.fr\/app\/wp-json\/wp\/v2\/types\/product"}],"replies":[{"embeddable":true,"href":"https:\/\/streetmarkets.fr\/app\/wp-json\/wp\/v2\/comments?post=778287"}],"wp:featuredmedia":[{"embeddable":true,"href":"https:\/\/streetmarkets.fr\/app\/wp-json\/wp\/v2\/media\/778288"}],"wp:attachment":[{"href":"https:\/\/streetmarkets.fr\/app\/wp-json\/wp\/v2\/media?parent=778287"}],"wp:term":[{"taxonomy":"product_brand","embeddable":true,"href":"https:\/\/streetmarkets.fr\/app\/wp-json\/wp\/v2\/product_brand?post=778287"},{"taxonomy":"product_cat","embeddable":true,"href":"https:\/\/streetmarkets.fr\/app\/wp-json\/wp\/v2\/product_cat?post=778287"},{"taxonomy":"product_tag","embeddable":true,"href":"https:\/\/streetmarkets.fr\/app\/wp-json\/wp\/v2\/product_tag?post=778287"}],"curies":[{"name":"wp","href":"https:\/\/api.w.org\/{rel}","templated":true}]}}