{"id":776939,"date":"2024-10-24T02:03:17","date_gmt":"2024-10-24T00:03:17","guid":{"rendered":"https:\/\/streetmarkets.fr\/app\/produit\/veste-blazer-tailoring-h24-femme-rayures-gris\/"},"modified":"2025-03-05T01:00:16","modified_gmt":"2025-03-05T00:00:16","slug":"veste-blazer-tailoring-h24-femme-rayures-gris","status":"publish","type":"product","link":"https:\/\/streetmarkets.fr\/app\/produit\/veste-blazer-tailoring-h24-femme-rayures-gris\/","title":{"rendered":"Veste Blazer Tailoring (H24 \/ FEMME \/ Rayures Gris)"},"content":{"rendered":"<p>Confectionn\u00e9e \u00e0 partir de laine, cette veste blazer ray\u00e9e dessine une silhouette \u00e9l\u00e9gante et affirm\u00e9e. Munie de manches longues, elle r\u00e9v\u00e8le un col en pique et une fermeture boutonn\u00e9e crois\u00e9e. Misez sur le total look avec le pantalon ou la jupe coordonn\u00e9e.<\/p>\n<p>&#8211; Veste blazer Femme<br \/>\n<br \/>&#8211; Imprim\u00e9 rayures<br \/>\n<br \/>&#8211; Col en pique<br \/>\n<br \/>&#8211; Fermeture boutonn\u00e9e crois\u00e9e<br \/>\n<br \/>&#8211; Manches longues<br \/>\n<br \/>&#8211; Coupe regular<\/p>\n","protected":false},"excerpt":{"rendered":"<p>Confectionn\u00e9e \u00e0 partir de laine, cette veste blazer ray\u00e9e dessine une silhouette \u00e9l\u00e9gante et affirm\u00e9e. Munie de manches longues, elle r\u00e9v\u00e8le un col en pique et une fermeture boutonn\u00e9e crois\u00e9e. Misez sur le total look avec le pantalon ou la jupe coordonn\u00e9e. &#8211; Veste blazer Femme &#8211; Imprim\u00e9 rayures &#8211; Col en pique &#8211; Fermeture [&hellip;]<\/p>\n","protected":false},"featured_media":776940,"comment_status":"open","ping_status":"closed","template":"","meta":[],"product_brand":[6868],"product_cat":[1756,1762],"product_tag":[2244],"acf":[],"_links":{"self":[{"href":"https:\/\/streetmarkets.fr\/app\/wp-json\/wp\/v2\/product\/776939"}],"collection":[{"href":"https:\/\/streetmarkets.fr\/app\/wp-json\/wp\/v2\/product"}],"about":[{"href":"https:\/\/streetmarkets.fr\/app\/wp-json\/wp\/v2\/types\/product"}],"replies":[{"embeddable":true,"href":"https:\/\/streetmarkets.fr\/app\/wp-json\/wp\/v2\/comments?post=776939"}],"wp:featuredmedia":[{"embeddable":true,"href":"https:\/\/streetmarkets.fr\/app\/wp-json\/wp\/v2\/media\/776940"}],"wp:attachment":[{"href":"https:\/\/streetmarkets.fr\/app\/wp-json\/wp\/v2\/media?parent=776939"}],"wp:term":[{"taxonomy":"product_brand","embeddable":true,"href":"https:\/\/streetmarkets.fr\/app\/wp-json\/wp\/v2\/product_brand?post=776939"},{"taxonomy":"product_cat","embeddable":true,"href":"https:\/\/streetmarkets.fr\/app\/wp-json\/wp\/v2\/product_cat?post=776939"},{"taxonomy":"product_tag","embeddable":true,"href":"https:\/\/streetmarkets.fr\/app\/wp-json\/wp\/v2\/product_tag?post=776939"}],"curies":[{"name":"wp","href":"https:\/\/api.w.org\/{rel}","templated":true}]}}