{"id":776829,"date":"2024-10-24T02:03:07","date_gmt":"2024-10-24T00:03:07","guid":{"rendered":"https:\/\/streetmarkets.fr\/app\/produit\/outerwear-doudoune-mi-longue-h24-femme-navy\/"},"modified":"2025-02-25T01:05:51","modified_gmt":"2025-02-25T00:05:51","slug":"outerwear-doudoune-mi-longue-h24-femme-navy","status":"publish","type":"product","link":"https:\/\/streetmarkets.fr\/app\/produit\/outerwear-doudoune-mi-longue-h24-femme-navy\/","title":{"rendered":"Outerwear Doudoune Mi-longue (H24 \/ FEMME \/ Navy)"},"content":{"rendered":"<p>Pi\u00e8ce incontournable du vestiaire, cette doudoune mi-longue et matelass\u00e9e vous enveloppera de chaleur et de douceur tout au long de la saison. Id\u00e9ale pour affronter les journ\u00e9es fra\u00eeches, elle est dot\u00e9e d&#8217;un col montant, d&#8217;une capuche ajustable, d&#8217;une fermeture zipp\u00e9e \u00e0 boutons pression et de deux poches.<\/p>\n<p>&#8211; Doudoune mi-longue matelass\u00e9e Femme<br \/>\n<br \/>&#8211; Col montant<br \/>\n<br \/>&#8211; Capuche \u00e0 patte de boutonnage<br \/>\n<br \/>&#8211; Fermeture zipp\u00e9e \u00e0 patte de boutonnage<br \/>\n<br \/>&#8211; 2 poches \u00e0 boutons pression<br \/>\n<br \/>&#8211; Manches longues<br \/>\n<br \/>&#8211; Poignets resserr\u00e9s<br \/>\n<br \/>&#8211; Coupe regular<\/p>\n","protected":false},"excerpt":{"rendered":"<p>Pi\u00e8ce incontournable du vestiaire, cette doudoune mi-longue et matelass\u00e9e vous enveloppera de chaleur et de douceur tout au long de la saison. Id\u00e9ale pour affronter les journ\u00e9es fra\u00eeches, elle est dot\u00e9e d&#8217;un col montant, d&#8217;une capuche ajustable, d&#8217;une fermeture zipp\u00e9e \u00e0 boutons pression et de deux poches. &#8211; Doudoune mi-longue matelass\u00e9e Femme &#8211; Col montant [&hellip;]<\/p>\n","protected":false},"featured_media":776830,"comment_status":"open","ping_status":"closed","template":"","meta":[],"product_brand":[6868],"product_cat":[1756,1762],"product_tag":[2244],"acf":[],"_links":{"self":[{"href":"https:\/\/streetmarkets.fr\/app\/wp-json\/wp\/v2\/product\/776829"}],"collection":[{"href":"https:\/\/streetmarkets.fr\/app\/wp-json\/wp\/v2\/product"}],"about":[{"href":"https:\/\/streetmarkets.fr\/app\/wp-json\/wp\/v2\/types\/product"}],"replies":[{"embeddable":true,"href":"https:\/\/streetmarkets.fr\/app\/wp-json\/wp\/v2\/comments?post=776829"}],"wp:featuredmedia":[{"embeddable":true,"href":"https:\/\/streetmarkets.fr\/app\/wp-json\/wp\/v2\/media\/776830"}],"wp:attachment":[{"href":"https:\/\/streetmarkets.fr\/app\/wp-json\/wp\/v2\/media?parent=776829"}],"wp:term":[{"taxonomy":"product_brand","embeddable":true,"href":"https:\/\/streetmarkets.fr\/app\/wp-json\/wp\/v2\/product_brand?post=776829"},{"taxonomy":"product_cat","embeddable":true,"href":"https:\/\/streetmarkets.fr\/app\/wp-json\/wp\/v2\/product_cat?post=776829"},{"taxonomy":"product_tag","embeddable":true,"href":"https:\/\/streetmarkets.fr\/app\/wp-json\/wp\/v2\/product_tag?post=776829"}],"curies":[{"name":"wp","href":"https:\/\/api.w.org\/{rel}","templated":true}]}}