{"id":776721,"date":"2024-10-24T02:02:53","date_gmt":"2024-10-24T00:02:53","guid":{"rendered":"https:\/\/streetmarkets.fr\/app\/produit\/pull-col-v-h24-femme-navy\/"},"modified":"2025-02-10T01:04:17","modified_gmt":"2025-02-10T00:04:17","slug":"pull-col-v-h24-femme-navy","status":"publish","type":"product","link":"https:\/\/streetmarkets.fr\/app\/produit\/pull-col-v-h24-femme-navy\/","title":{"rendered":"Pull Col V (H24 \/ FEMME \/ Navy)"},"content":{"rendered":"<p>Muni d&#8217;un col V et de bords c\u00f4tel\u00e9s, ce pull court arbore des bandes contrast\u00e9es aux manches. Confectionn\u00e9 en 100% laine m\u00e9rinos certifi\u00e9e RWS (Responsible Wool Standard), il d\u00e9voile une silhouette structur\u00e9e en toute \u00e9l\u00e9gance. Glissez-le sur une chemise et un pantalon de tailleur pour un look chic et casual.<\/p>\n<p>&#8211; Pull court en laine m\u00e9rinos Femme<br \/>\n<br \/>&#8211; Bandes contrast\u00e9es<br \/>\n<br \/>&#8211; Col V<br \/>\n<br \/>&#8211; Manches longues<br \/>\n<br \/>&#8211; Bords c\u00f4tel\u00e9s<br \/>\n<br \/>&#8211; Coupe regular<br \/>\n<br \/>&#8211; Laine m\u00e9rinos : respirante et thermor\u00e9gulatrice, elle peut \u00eatre port\u00e9e \u00e9t\u00e9 comme hiver<\/p>\n","protected":false},"excerpt":{"rendered":"<p>Muni d&#8217;un col V et de bords c\u00f4tel\u00e9s, ce pull court arbore des bandes contrast\u00e9es aux manches. Confectionn\u00e9 en 100% laine m\u00e9rinos certifi\u00e9e RWS (Responsible Wool Standard), il d\u00e9voile une silhouette structur\u00e9e en toute \u00e9l\u00e9gance. Glissez-le sur une chemise et un pantalon de tailleur pour un look chic et casual. &#8211; Pull court en laine [&hellip;]<\/p>\n","protected":false},"featured_media":776722,"comment_status":"open","ping_status":"closed","template":"","meta":[],"product_brand":[6868],"product_cat":[1756,1762],"product_tag":[2244],"acf":[],"_links":{"self":[{"href":"https:\/\/streetmarkets.fr\/app\/wp-json\/wp\/v2\/product\/776721"}],"collection":[{"href":"https:\/\/streetmarkets.fr\/app\/wp-json\/wp\/v2\/product"}],"about":[{"href":"https:\/\/streetmarkets.fr\/app\/wp-json\/wp\/v2\/types\/product"}],"replies":[{"embeddable":true,"href":"https:\/\/streetmarkets.fr\/app\/wp-json\/wp\/v2\/comments?post=776721"}],"wp:featuredmedia":[{"embeddable":true,"href":"https:\/\/streetmarkets.fr\/app\/wp-json\/wp\/v2\/media\/776722"}],"wp:attachment":[{"href":"https:\/\/streetmarkets.fr\/app\/wp-json\/wp\/v2\/media?parent=776721"}],"wp:term":[{"taxonomy":"product_brand","embeddable":true,"href":"https:\/\/streetmarkets.fr\/app\/wp-json\/wp\/v2\/product_brand?post=776721"},{"taxonomy":"product_cat","embeddable":true,"href":"https:\/\/streetmarkets.fr\/app\/wp-json\/wp\/v2\/product_cat?post=776721"},{"taxonomy":"product_tag","embeddable":true,"href":"https:\/\/streetmarkets.fr\/app\/wp-json\/wp\/v2\/product_tag?post=776721"}],"curies":[{"name":"wp","href":"https:\/\/api.w.org\/{rel}","templated":true}]}}