{"id":776685,"date":"2024-10-24T02:02:17","date_gmt":"2024-10-24T00:02:17","guid":{"rendered":"https:\/\/streetmarkets.fr\/app\/produit\/pull-col-montant-h24-femme-iced-blue\/"},"modified":"2024-12-15T01:13:25","modified_gmt":"2024-12-15T00:13:25","slug":"pull-col-montant-h24-femme-iced-blue","status":"publish","type":"product","link":"https:\/\/streetmarkets.fr\/app\/produit\/pull-col-montant-h24-femme-iced-blue\/","title":{"rendered":"Pull Col Montant (H24 \/ FEMME \/ Iced Blue)"},"content":{"rendered":"<p>Ce pull en cachemire arbore des bandes tricolores sur les c\u00f4t\u00e9s, de quoi apporter une touche d&#8217;audace \u00e0 l&#8217;allure structur\u00e9e. Muni d&#8217;un col montant, de manches longues et de bords c\u00f4tel\u00e9s, il s&#8217;associe \u00e0 un jean ample ou une jupe fluide.<\/p>\n<p>&#8211; Pull en cachemire certifi\u00e9 GCS\u00ae Femme<br \/>\n<br \/>&#8211; Bandes tricolores contrast\u00e9es<br \/>\n<br \/>&#8211; Col montant<br \/>\n<br \/>&#8211; Manches longues<br \/>\n<br \/>&#8211; Bords c\u00f4tel\u00e9s<br \/>\n<br \/>&#8211; Coupe regular<br \/>\n<br \/>&#8211; Le Good Cashmere Standard\u00ae (GCS) est une norme ind\u00e9pendante pour un cachemire plus durable et plus responsable. Il vise \u00e0 am\u00e9liorer le bien-\u00eatre des ch\u00e8vres cachemire, les conditions de travail des \u00e9leveurs ainsi qu&#8217;\u00e0 prot\u00e9ger l&#8217;environnement.<br \/>&#8211; <u>Cachemire 2 fils<\/u> <\/p>\n","protected":false},"excerpt":{"rendered":"<p>Ce pull en cachemire arbore des bandes tricolores sur les c\u00f4t\u00e9s, de quoi apporter une touche d&#8217;audace \u00e0 l&#8217;allure structur\u00e9e. Muni d&#8217;un col montant, de manches longues et de bords c\u00f4tel\u00e9s, il s&#8217;associe \u00e0 un jean ample ou une jupe fluide. &#8211; Pull en cachemire certifi\u00e9 GCS\u00ae Femme &#8211; Bandes tricolores contrast\u00e9es &#8211; Col montant [&hellip;]<\/p>\n","protected":false},"featured_media":776686,"comment_status":"open","ping_status":"closed","template":"","meta":[],"product_brand":[6868],"product_cat":[1756,1762],"product_tag":[2244],"acf":[],"_links":{"self":[{"href":"https:\/\/streetmarkets.fr\/app\/wp-json\/wp\/v2\/product\/776685"}],"collection":[{"href":"https:\/\/streetmarkets.fr\/app\/wp-json\/wp\/v2\/product"}],"about":[{"href":"https:\/\/streetmarkets.fr\/app\/wp-json\/wp\/v2\/types\/product"}],"replies":[{"embeddable":true,"href":"https:\/\/streetmarkets.fr\/app\/wp-json\/wp\/v2\/comments?post=776685"}],"wp:featuredmedia":[{"embeddable":true,"href":"https:\/\/streetmarkets.fr\/app\/wp-json\/wp\/v2\/media\/776686"}],"wp:attachment":[{"href":"https:\/\/streetmarkets.fr\/app\/wp-json\/wp\/v2\/media?parent=776685"}],"wp:term":[{"taxonomy":"product_brand","embeddable":true,"href":"https:\/\/streetmarkets.fr\/app\/wp-json\/wp\/v2\/product_brand?post=776685"},{"taxonomy":"product_cat","embeddable":true,"href":"https:\/\/streetmarkets.fr\/app\/wp-json\/wp\/v2\/product_cat?post=776685"},{"taxonomy":"product_tag","embeddable":true,"href":"https:\/\/streetmarkets.fr\/app\/wp-json\/wp\/v2\/product_tag?post=776685"}],"curies":[{"name":"wp","href":"https:\/\/api.w.org\/{rel}","templated":true}]}}