{"id":775175,"date":"2024-10-23T01:23:20","date_gmt":"2024-10-22T23:23:20","guid":{"rendered":"https:\/\/streetmarkets.fr\/app\/produit\/grand-carre-soie-traces-2\/"},"modified":"2026-04-13T01:13:54","modified_gmt":"2026-04-12T23:13:54","slug":"grand-carre-soie-traces-2","status":"publish","type":"product","link":"https:\/\/streetmarkets.fr\/app\/produit\/grand-carre-soie-traces-2\/","title":{"rendered":"Grand Carr\u00e9 Soie TRACES"},"content":{"rendered":"<p data-mce-fragment=\"1\"><strong data-mce-fragment=\"1\"><a data-mce-fragment=\"1\" href=\"https:\/\/frenchtouche.com\/collections\/de-novembre\" title=\"Collection De Novembre\" data-mce-href=\"https:\/\/frenchtouche.com\/collections\/de-novembre\">Collection De Novembre<\/a><\/strong><\/p>\n<p><span>TRACES, large carr\u00e9 de soie, r\u00e9alis\u00e9 selon une technique de teinture artisanale Arashi shibori.<\/span><\/p>\n<p>Coloris Gold.<\/p>\n<p>100% Twill de soie.<\/p>\n<p>Dimensions : 110 x 110 cm<\/p>\n<p data-mce-fragment=\"1\"><span>Confectionn\u00e9 artisanalement en Inde, dans le respect des valeurs \u00e9thiques, sociales et environnementales de la marque.\u00a0Judith Bourdin, la cr\u00e9atrice, collabore depuis plus de 10 ans avec des artisans et coop\u00e9ratives de la r\u00e9gion du Gujarat et du Cachemire riches de nombreux savoir-faire ancestraux.<\/span><\/p>\n<p data-mce-fragment=\"1\">Conseils d&#8217;entretien : lavage \u00e0 sec et repassage doux.<\/p>\n","protected":false},"excerpt":{"rendered":"<p>Collection De Novembre TRACES, large carr\u00e9 de soie, r\u00e9alis\u00e9 selon une technique de teinture artisanale Arashi shibori. Coloris Gold. 100% Twill de soie. Dimensions : 110 x 110 cm Confectionn\u00e9 artisanalement en Inde, dans le respect des valeurs \u00e9thiques, sociales et environnementales de la marque.\u00a0Judith Bourdin, la cr\u00e9atrice, collabore depuis plus de 10 ans avec [&hellip;]<\/p>\n","protected":false},"featured_media":775176,"comment_status":"open","ping_status":"closed","template":"","meta":[],"product_brand":[],"product_cat":[1756,1764],"product_tag":[2244,1813],"acf":[],"_links":{"self":[{"href":"https:\/\/streetmarkets.fr\/app\/wp-json\/wp\/v2\/product\/775175"}],"collection":[{"href":"https:\/\/streetmarkets.fr\/app\/wp-json\/wp\/v2\/product"}],"about":[{"href":"https:\/\/streetmarkets.fr\/app\/wp-json\/wp\/v2\/types\/product"}],"replies":[{"embeddable":true,"href":"https:\/\/streetmarkets.fr\/app\/wp-json\/wp\/v2\/comments?post=775175"}],"wp:featuredmedia":[{"embeddable":true,"href":"https:\/\/streetmarkets.fr\/app\/wp-json\/wp\/v2\/media\/775176"}],"wp:attachment":[{"href":"https:\/\/streetmarkets.fr\/app\/wp-json\/wp\/v2\/media?parent=775175"}],"wp:term":[{"taxonomy":"product_brand","embeddable":true,"href":"https:\/\/streetmarkets.fr\/app\/wp-json\/wp\/v2\/product_brand?post=775175"},{"taxonomy":"product_cat","embeddable":true,"href":"https:\/\/streetmarkets.fr\/app\/wp-json\/wp\/v2\/product_cat?post=775175"},{"taxonomy":"product_tag","embeddable":true,"href":"https:\/\/streetmarkets.fr\/app\/wp-json\/wp\/v2\/product_tag?post=775175"}],"curies":[{"name":"wp","href":"https:\/\/api.w.org\/{rel}","templated":true}]}}