{"id":773652,"date":"2024-10-22T14:26:25","date_gmt":"2024-10-22T12:26:25","guid":{"rendered":"https:\/\/streetmarkets.fr\/app\/produit\/chaussures-alegre-champagne\/"},"modified":"2025-11-24T00:18:38","modified_gmt":"2025-11-23T23:18:38","slug":"chaussures-alegre-champagne","status":"publish","type":"product","link":"https:\/\/streetmarkets.fr\/app\/produit\/chaussures-alegre-champagne\/","title":{"rendered":"Chaussures Alegre &#8211; Champagne"},"content":{"rendered":"<p>Inspir\u00e9e de la huarache mexicaine, la Alegre Champagne de Mapache revisite l\u2019iconique sandale tress\u00e9e en version confortable et responsable. Son cuir au tannage v\u00e9g\u00e9tal est d\u00e9coup\u00e9, tress\u00e9 puis verni <strong>enti\u00e8rement \u00e0 la main<\/strong> pour un chaussant qui se d\u00e9tend, s\u2019assouplit et finit par \u00e9pouser votre pied.<\/p>\n<p>La tige tress\u00e9e laisse le pied respirer, la semelle int\u00e9rieure en cuir apporte un contact doux et la semelle ext\u00e9rieure en gomme assure une bonne tenue au quotidien. R\u00e9sultat : un nu-pied chic et d\u00e9contract\u00e9, facile \u00e0 porter en ville comme en sortie, avec l\u2019\u00e9clat discret du coloris champagne qui va avec tout.<\/p>\n<p>Un choix s\u00fbr pour celles qui veulent des <strong>sandales en cuir femme<\/strong> au style intemporel, artisanales et align\u00e9es avec des valeurs de <strong>commerce \u00e9quitable<\/strong>.<\/p>\n","protected":false},"excerpt":{"rendered":"<p>Inspir\u00e9e de la huarache mexicaine, la Alegre Champagne de Mapache revisite l\u2019iconique sandale tress\u00e9e en version confortable et responsable. Son cuir au tannage v\u00e9g\u00e9tal est d\u00e9coup\u00e9, tress\u00e9 puis verni enti\u00e8rement \u00e0 la main pour un chaussant qui se d\u00e9tend, s\u2019assouplit et finit par \u00e9pouser votre pied. La tige tress\u00e9e laisse le pied respirer, la semelle [&hellip;]<\/p>\n","protected":false},"featured_media":773653,"comment_status":"open","ping_status":"closed","template":"","meta":[],"product_brand":[],"product_cat":[1756,1763],"product_tag":[1810],"acf":[],"_links":{"self":[{"href":"https:\/\/streetmarkets.fr\/app\/wp-json\/wp\/v2\/product\/773652"}],"collection":[{"href":"https:\/\/streetmarkets.fr\/app\/wp-json\/wp\/v2\/product"}],"about":[{"href":"https:\/\/streetmarkets.fr\/app\/wp-json\/wp\/v2\/types\/product"}],"replies":[{"embeddable":true,"href":"https:\/\/streetmarkets.fr\/app\/wp-json\/wp\/v2\/comments?post=773652"}],"wp:featuredmedia":[{"embeddable":true,"href":"https:\/\/streetmarkets.fr\/app\/wp-json\/wp\/v2\/media\/773653"}],"wp:attachment":[{"href":"https:\/\/streetmarkets.fr\/app\/wp-json\/wp\/v2\/media?parent=773652"}],"wp:term":[{"taxonomy":"product_brand","embeddable":true,"href":"https:\/\/streetmarkets.fr\/app\/wp-json\/wp\/v2\/product_brand?post=773652"},{"taxonomy":"product_cat","embeddable":true,"href":"https:\/\/streetmarkets.fr\/app\/wp-json\/wp\/v2\/product_cat?post=773652"},{"taxonomy":"product_tag","embeddable":true,"href":"https:\/\/streetmarkets.fr\/app\/wp-json\/wp\/v2\/product_tag?post=773652"}],"curies":[{"name":"wp","href":"https:\/\/api.w.org\/{rel}","templated":true}]}}