{"id":773609,"date":"2024-10-22T14:26:21","date_gmt":"2024-10-22T12:26:21","guid":{"rendered":"https:\/\/streetmarkets.fr\/app\/produit\/culotte-menstruelle-selene-flux-moyen\/"},"modified":"2025-11-24T00:18:38","modified_gmt":"2025-11-23T23:18:38","slug":"culotte-menstruelle-selene-flux-moyen","status":"publish","type":"product","link":"https:\/\/streetmarkets.fr\/app\/produit\/culotte-menstruelle-selene-flux-moyen\/","title":{"rendered":"Culotte menstruelle S\u00e9l\u00e9n\u00e9 &#8211; Flux moyen"},"content":{"rendered":"<p>S\u00e9l\u00e9n\u00e9 de Smoon est une culotte menstruelle pens\u00e9e pour celles et ceux qui veulent une protection fiable sans compromis sur le confort. Pour un flux moyen, elle absorbe l\u2019\u00e9quivalent d\u2019environ 2 tampons et se porte jusqu\u2019\u00e0 12 heures, sans odeur ni sensation d\u2019humidit\u00e9. Sa coupe sans couture reste invisible sous les v\u00eatements et suit les mouvements du corps toute la journ\u00e9e. R\u00e9utilisable et durable, c\u2019est une alternative z\u00e9ro d\u00e9chet aux protections jetables, avec des mati\u00e8res OEKO-TEX et sans nanoparticules d\u2019argent.<\/p>\n","protected":false},"excerpt":{"rendered":"<p>S\u00e9l\u00e9n\u00e9 de Smoon est une culotte menstruelle pens\u00e9e pour celles et ceux qui veulent une protection fiable sans compromis sur le confort. Pour un flux moyen, elle absorbe l\u2019\u00e9quivalent d\u2019environ 2 tampons et se porte jusqu\u2019\u00e0 12 heures, sans odeur ni sensation d\u2019humidit\u00e9. Sa coupe sans couture reste invisible sous les v\u00eatements et suit les [&hellip;]<\/p>\n","protected":false},"featured_media":773610,"comment_status":"open","ping_status":"closed","template":"","meta":[],"product_brand":[],"product_cat":[1756,1762],"product_tag":[1810],"acf":[],"_links":{"self":[{"href":"https:\/\/streetmarkets.fr\/app\/wp-json\/wp\/v2\/product\/773609"}],"collection":[{"href":"https:\/\/streetmarkets.fr\/app\/wp-json\/wp\/v2\/product"}],"about":[{"href":"https:\/\/streetmarkets.fr\/app\/wp-json\/wp\/v2\/types\/product"}],"replies":[{"embeddable":true,"href":"https:\/\/streetmarkets.fr\/app\/wp-json\/wp\/v2\/comments?post=773609"}],"wp:featuredmedia":[{"embeddable":true,"href":"https:\/\/streetmarkets.fr\/app\/wp-json\/wp\/v2\/media\/773610"}],"wp:attachment":[{"href":"https:\/\/streetmarkets.fr\/app\/wp-json\/wp\/v2\/media?parent=773609"}],"wp:term":[{"taxonomy":"product_brand","embeddable":true,"href":"https:\/\/streetmarkets.fr\/app\/wp-json\/wp\/v2\/product_brand?post=773609"},{"taxonomy":"product_cat","embeddable":true,"href":"https:\/\/streetmarkets.fr\/app\/wp-json\/wp\/v2\/product_cat?post=773609"},{"taxonomy":"product_tag","embeddable":true,"href":"https:\/\/streetmarkets.fr\/app\/wp-json\/wp\/v2\/product_tag?post=773609"}],"curies":[{"name":"wp","href":"https:\/\/api.w.org\/{rel}","templated":true}]}}