{"id":773471,"date":"2024-10-22T14:25:32","date_gmt":"2024-10-22T12:25:32","guid":{"rendered":"https:\/\/streetmarkets.fr\/app\/produit\/sandales-medusa-champagne\/"},"modified":"2025-11-24T00:18:25","modified_gmt":"2025-11-23T23:18:25","slug":"sandales-medusa-champagne","status":"publish","type":"product","link":"https:\/\/streetmarkets.fr\/app\/produit\/sandales-medusa-champagne\/","title":{"rendered":"Sandales Medusa &#8211; Champagne"},"content":{"rendered":"<p>Une paire lumineuse et facile \u00e0 vivre pour l\u2019\u00e9t\u00e9. Cette sandale en cuir tress\u00e9 \u00e9pouse le pied, respire bien et se porte du matin au soir sans prise de t\u00eate. Le coloris champagne apporte juste ce qu\u2019il faut d\u2019\u00e9clat, tout en restant simple \u00e0 associer avec un jean, une jupe fluide ou une robe. Confectionn\u00e9e \u00e0 la main par des artisans du Michoac\u00e1n (Mexique) en commerce \u00e9quitable, elle allie style, confort et savoir-faire.<br \/>\nLa semelle et la doublure en cuir offrent un contact doux et un confort naturel, tandis que le tressage artisanal donne du maintien tout en laissant le pied respirer. Bon \u00e0 savoir : le cuir se d\u00e9tend l\u00e9g\u00e8rement pour s\u2019adapter \u00e0 votre forme \u2014 choisissez votre taille habituelle, la paire doit \u00eatre bien ajust\u00e9e au d\u00e9part.<\/p>\n","protected":false},"excerpt":{"rendered":"<p>Une paire lumineuse et facile \u00e0 vivre pour l\u2019\u00e9t\u00e9. Cette sandale en cuir tress\u00e9 \u00e9pouse le pied, respire bien et se porte du matin au soir sans prise de t\u00eate. Le coloris champagne apporte juste ce qu\u2019il faut d\u2019\u00e9clat, tout en restant simple \u00e0 associer avec un jean, une jupe fluide ou une robe. Confectionn\u00e9e [&hellip;]<\/p>\n","protected":false},"featured_media":773472,"comment_status":"open","ping_status":"closed","template":"","meta":[],"product_brand":[],"product_cat":[1756,1763],"product_tag":[1810],"acf":[],"_links":{"self":[{"href":"https:\/\/streetmarkets.fr\/app\/wp-json\/wp\/v2\/product\/773471"}],"collection":[{"href":"https:\/\/streetmarkets.fr\/app\/wp-json\/wp\/v2\/product"}],"about":[{"href":"https:\/\/streetmarkets.fr\/app\/wp-json\/wp\/v2\/types\/product"}],"replies":[{"embeddable":true,"href":"https:\/\/streetmarkets.fr\/app\/wp-json\/wp\/v2\/comments?post=773471"}],"wp:featuredmedia":[{"embeddable":true,"href":"https:\/\/streetmarkets.fr\/app\/wp-json\/wp\/v2\/media\/773472"}],"wp:attachment":[{"href":"https:\/\/streetmarkets.fr\/app\/wp-json\/wp\/v2\/media?parent=773471"}],"wp:term":[{"taxonomy":"product_brand","embeddable":true,"href":"https:\/\/streetmarkets.fr\/app\/wp-json\/wp\/v2\/product_brand?post=773471"},{"taxonomy":"product_cat","embeddable":true,"href":"https:\/\/streetmarkets.fr\/app\/wp-json\/wp\/v2\/product_cat?post=773471"},{"taxonomy":"product_tag","embeddable":true,"href":"https:\/\/streetmarkets.fr\/app\/wp-json\/wp\/v2\/product_tag?post=773471"}],"curies":[{"name":"wp","href":"https:\/\/api.w.org\/{rel}","templated":true}]}}