{"id":773458,"date":"2024-10-22T14:25:31","date_gmt":"2024-10-22T12:25:31","guid":{"rendered":"https:\/\/streetmarkets.fr\/app\/produit\/culotte-liao-dentelle-rose-pale\/"},"modified":"2025-11-24T00:18:24","modified_gmt":"2025-11-23T23:18:24","slug":"culotte-liao-dentelle-rose-pale","status":"publish","type":"product","link":"https:\/\/streetmarkets.fr\/app\/produit\/culotte-liao-dentelle-rose-pale\/","title":{"rendered":"Culotte Liao dentelle &#8211; Rose p\u00e2le"},"content":{"rendered":"<p>Une culotte d\u00e9licate, pens\u00e9e pour se faire oublier au quotidien tout en restant vraiment jolie. Sa dentelle italienne en fibres recycl\u00e9es est douce et souple, et le coton biologique certifi\u00e9 GOTS apporte une sensation confortable au contact de la peau. Les teintures certifi\u00e9es Oeko-Tex 100 rassurent celles qui veulent une lingerie belle et plus clean.<br \/>\nDesign\u00e9e \u00e0 Paris et fabriqu\u00e9e en Hongrie, elle mise sur des mati\u00e8res et un savoir-faire europ\u00e9ens. La couleur rose p\u00e2le apporte une touche f\u00e9minine discr\u00e8te, parfaite sous une robe claire comme pour une tenue de tous les jours.<\/p>\n","protected":false},"excerpt":{"rendered":"<p>Une culotte d\u00e9licate, pens\u00e9e pour se faire oublier au quotidien tout en restant vraiment jolie. Sa dentelle italienne en fibres recycl\u00e9es est douce et souple, et le coton biologique certifi\u00e9 GOTS apporte une sensation confortable au contact de la peau. Les teintures certifi\u00e9es Oeko-Tex 100 rassurent celles qui veulent une lingerie belle et plus clean. [&hellip;]<\/p>\n","protected":false},"featured_media":773459,"comment_status":"open","ping_status":"closed","template":"","meta":[],"product_brand":[],"product_cat":[1756,1762],"product_tag":[1810],"acf":[],"_links":{"self":[{"href":"https:\/\/streetmarkets.fr\/app\/wp-json\/wp\/v2\/product\/773458"}],"collection":[{"href":"https:\/\/streetmarkets.fr\/app\/wp-json\/wp\/v2\/product"}],"about":[{"href":"https:\/\/streetmarkets.fr\/app\/wp-json\/wp\/v2\/types\/product"}],"replies":[{"embeddable":true,"href":"https:\/\/streetmarkets.fr\/app\/wp-json\/wp\/v2\/comments?post=773458"}],"wp:featuredmedia":[{"embeddable":true,"href":"https:\/\/streetmarkets.fr\/app\/wp-json\/wp\/v2\/media\/773459"}],"wp:attachment":[{"href":"https:\/\/streetmarkets.fr\/app\/wp-json\/wp\/v2\/media?parent=773458"}],"wp:term":[{"taxonomy":"product_brand","embeddable":true,"href":"https:\/\/streetmarkets.fr\/app\/wp-json\/wp\/v2\/product_brand?post=773458"},{"taxonomy":"product_cat","embeddable":true,"href":"https:\/\/streetmarkets.fr\/app\/wp-json\/wp\/v2\/product_cat?post=773458"},{"taxonomy":"product_tag","embeddable":true,"href":"https:\/\/streetmarkets.fr\/app\/wp-json\/wp\/v2\/product_tag?post=773458"}],"curies":[{"name":"wp","href":"https:\/\/api.w.org\/{rel}","templated":true}]}}