{"id":773286,"date":"2024-10-22T14:24:35","date_gmt":"2024-10-22T12:24:35","guid":{"rendered":"https:\/\/streetmarkets.fr\/app\/produit\/soutien-gorge-dawa-myosotis\/"},"modified":"2025-11-24T00:18:01","modified_gmt":"2025-11-23T23:18:01","slug":"soutien-gorge-dawa-myosotis","status":"publish","type":"product","link":"https:\/\/streetmarkets.fr\/app\/produit\/soutien-gorge-dawa-myosotis\/","title":{"rendered":"Soutien-gorge Dawa &#8211; Myosotis"},"content":{"rendered":"<p>Un soutien-gorge en dentelle recycl\u00e9e, d\u00e9licat et facile \u00e0 vivre, pour se sentir belle sans compromis. Dessin\u00e9 \u00e0 Paris et fabriqu\u00e9 en Hongrie, il marie style fran\u00e7ais et confection europ\u00e9enne. Sa dentelle contient 58 % de fibres recycl\u00e9es (92 % polyamide, 8 % \u00e9lasthanne) et les teintures sont certifi\u00e9es Oeko-Tex Standard 100, pour limiter les substances ind\u00e9sirables au contact de la peau. \u00c0 porter au quotidien comme pour une occasion, il offre une allure f\u00e9minine et l\u00e9g\u00e8re. D\u00e9clin\u00e9 en plusieurs couleurs, c\u2019est une belle id\u00e9e de lingerie \u00e9thique \u00e0 s\u2019offrir ou \u00e0 offrir.<\/p>\n","protected":false},"excerpt":{"rendered":"<p>Un soutien-gorge en dentelle recycl\u00e9e, d\u00e9licat et facile \u00e0 vivre, pour se sentir belle sans compromis. Dessin\u00e9 \u00e0 Paris et fabriqu\u00e9 en Hongrie, il marie style fran\u00e7ais et confection europ\u00e9enne. Sa dentelle contient 58 % de fibres recycl\u00e9es (92 % polyamide, 8 % \u00e9lasthanne) et les teintures sont certifi\u00e9es Oeko-Tex Standard 100, pour limiter les [&hellip;]<\/p>\n","protected":false},"featured_media":773287,"comment_status":"open","ping_status":"closed","template":"","meta":[],"product_brand":[],"product_cat":[1756,1762],"product_tag":[1810],"acf":[],"_links":{"self":[{"href":"https:\/\/streetmarkets.fr\/app\/wp-json\/wp\/v2\/product\/773286"}],"collection":[{"href":"https:\/\/streetmarkets.fr\/app\/wp-json\/wp\/v2\/product"}],"about":[{"href":"https:\/\/streetmarkets.fr\/app\/wp-json\/wp\/v2\/types\/product"}],"replies":[{"embeddable":true,"href":"https:\/\/streetmarkets.fr\/app\/wp-json\/wp\/v2\/comments?post=773286"}],"wp:featuredmedia":[{"embeddable":true,"href":"https:\/\/streetmarkets.fr\/app\/wp-json\/wp\/v2\/media\/773287"}],"wp:attachment":[{"href":"https:\/\/streetmarkets.fr\/app\/wp-json\/wp\/v2\/media?parent=773286"}],"wp:term":[{"taxonomy":"product_brand","embeddable":true,"href":"https:\/\/streetmarkets.fr\/app\/wp-json\/wp\/v2\/product_brand?post=773286"},{"taxonomy":"product_cat","embeddable":true,"href":"https:\/\/streetmarkets.fr\/app\/wp-json\/wp\/v2\/product_cat?post=773286"},{"taxonomy":"product_tag","embeddable":true,"href":"https:\/\/streetmarkets.fr\/app\/wp-json\/wp\/v2\/product_tag?post=773286"}],"curies":[{"name":"wp","href":"https:\/\/api.w.org\/{rel}","templated":true}]}}