{"id":773278,"date":"2024-10-22T14:24:34","date_gmt":"2024-10-22T12:24:34","guid":{"rendered":"https:\/\/streetmarkets.fr\/app\/produit\/bustier-dawa-myosotis\/"},"modified":"2025-11-24T00:18:01","modified_gmt":"2025-11-23T23:18:01","slug":"bustier-dawa-myosotis","status":"publish","type":"product","link":"https:\/\/streetmarkets.fr\/app\/produit\/bustier-dawa-myosotis\/","title":{"rendered":"Bustier Dawa &#8211; Myosotis"},"content":{"rendered":"<p>Ce bustier m\u00eale l\u2019essentiel et le joli : une base en coton biologique tout doux pour le confort, une dentelle recycl\u00e9e d\u00e9licate pour la touche \u00e9l\u00e9gante. Le r\u00e9sultat est un maintien l\u00e9ger, agr\u00e9able \u00e0 porter du matin au soir, sans compromis sur la respiration de la peau.<br \/>\nDesign\u00e9 \u00e0 Paris et fabriqu\u00e9 en Hongrie, il utilise des teintures certifi\u00e9es Oeko-Tex 100. La teinte Myosotis apporte une note po\u00e9tique et intemporelle, facile \u00e0 glisser sous un t-shirt ou une chemise pour se sentir bien, simplement.<\/p>\n","protected":false},"excerpt":{"rendered":"<p>Ce bustier m\u00eale l\u2019essentiel et le joli : une base en coton biologique tout doux pour le confort, une dentelle recycl\u00e9e d\u00e9licate pour la touche \u00e9l\u00e9gante. Le r\u00e9sultat est un maintien l\u00e9ger, agr\u00e9able \u00e0 porter du matin au soir, sans compromis sur la respiration de la peau. Design\u00e9 \u00e0 Paris et fabriqu\u00e9 en Hongrie, il [&hellip;]<\/p>\n","protected":false},"featured_media":773279,"comment_status":"open","ping_status":"closed","template":"","meta":[],"product_brand":[],"product_cat":[1756,1762],"product_tag":[1810],"acf":[],"_links":{"self":[{"href":"https:\/\/streetmarkets.fr\/app\/wp-json\/wp\/v2\/product\/773278"}],"collection":[{"href":"https:\/\/streetmarkets.fr\/app\/wp-json\/wp\/v2\/product"}],"about":[{"href":"https:\/\/streetmarkets.fr\/app\/wp-json\/wp\/v2\/types\/product"}],"replies":[{"embeddable":true,"href":"https:\/\/streetmarkets.fr\/app\/wp-json\/wp\/v2\/comments?post=773278"}],"wp:featuredmedia":[{"embeddable":true,"href":"https:\/\/streetmarkets.fr\/app\/wp-json\/wp\/v2\/media\/773279"}],"wp:attachment":[{"href":"https:\/\/streetmarkets.fr\/app\/wp-json\/wp\/v2\/media?parent=773278"}],"wp:term":[{"taxonomy":"product_brand","embeddable":true,"href":"https:\/\/streetmarkets.fr\/app\/wp-json\/wp\/v2\/product_brand?post=773278"},{"taxonomy":"product_cat","embeddable":true,"href":"https:\/\/streetmarkets.fr\/app\/wp-json\/wp\/v2\/product_cat?post=773278"},{"taxonomy":"product_tag","embeddable":true,"href":"https:\/\/streetmarkets.fr\/app\/wp-json\/wp\/v2\/product_tag?post=773278"}],"curies":[{"name":"wp","href":"https:\/\/api.w.org\/{rel}","templated":true}]}}