{"id":772482,"date":"2024-10-22T14:16:23","date_gmt":"2024-10-22T12:16:23","guid":{"rendered":"https:\/\/streetmarkets.fr\/app\/produit\/brassiere-surya\/"},"modified":"2025-11-24T00:17:24","modified_gmt":"2025-11-23T23:17:24","slug":"brassiere-surya","status":"publish","type":"product","link":"https:\/\/streetmarkets.fr\/app\/produit\/brassiere-surya\/","title":{"rendered":"Brassi\u00e8re Surya"},"content":{"rendered":"<p>Con\u00e7ue avec Gayaskin, cette brassi\u00e8re de yoga allie maintien et libert\u00e9 de mouvement. Son tissu principal en Tencel offre une douceur remarquable, une belle respirabilit\u00e9 et une bonne gestion de l\u2019humidit\u00e9 \u2014 parfait pour les s\u00e9ances de yoga, pilates et les journ\u00e9es actives.<\/p>\n<p>La mati\u00e8re m\u00eale Tencel, polyamide recycl\u00e9 Q-NOVA et \u00e9lasthanne recycl\u00e9 Roica V550 pour un soutien confortable sans armatures. Le tulle recycl\u00e9 apporte une touche l\u00e9g\u00e8re et f\u00e9minine, sans sacrifier l\u2019aisance.<\/p>\n<p>Design\u00e9e \u00e0 Paris et fabriqu\u00e9e au Portugal, elle coche toutes les cases d\u2019une lingerie sportive \u00e9co-responsable et agr\u00e9able \u00e0 porter. Une pi\u00e8ce facile \u00e0 offrir et encore plus facile \u00e0 adopter.<\/p>\n","protected":false},"excerpt":{"rendered":"<p>Con\u00e7ue avec Gayaskin, cette brassi\u00e8re de yoga allie maintien et libert\u00e9 de mouvement. Son tissu principal en Tencel offre une douceur remarquable, une belle respirabilit\u00e9 et une bonne gestion de l\u2019humidit\u00e9 \u2014 parfait pour les s\u00e9ances de yoga, pilates et les journ\u00e9es actives. La mati\u00e8re m\u00eale Tencel, polyamide recycl\u00e9 Q-NOVA et \u00e9lasthanne recycl\u00e9 Roica V550 [&hellip;]<\/p>\n","protected":false},"featured_media":772483,"comment_status":"open","ping_status":"closed","template":"","meta":[],"product_brand":[],"product_cat":[1756,1762],"product_tag":[1810],"acf":[],"_links":{"self":[{"href":"https:\/\/streetmarkets.fr\/app\/wp-json\/wp\/v2\/product\/772482"}],"collection":[{"href":"https:\/\/streetmarkets.fr\/app\/wp-json\/wp\/v2\/product"}],"about":[{"href":"https:\/\/streetmarkets.fr\/app\/wp-json\/wp\/v2\/types\/product"}],"replies":[{"embeddable":true,"href":"https:\/\/streetmarkets.fr\/app\/wp-json\/wp\/v2\/comments?post=772482"}],"wp:featuredmedia":[{"embeddable":true,"href":"https:\/\/streetmarkets.fr\/app\/wp-json\/wp\/v2\/media\/772483"}],"wp:attachment":[{"href":"https:\/\/streetmarkets.fr\/app\/wp-json\/wp\/v2\/media?parent=772482"}],"wp:term":[{"taxonomy":"product_brand","embeddable":true,"href":"https:\/\/streetmarkets.fr\/app\/wp-json\/wp\/v2\/product_brand?post=772482"},{"taxonomy":"product_cat","embeddable":true,"href":"https:\/\/streetmarkets.fr\/app\/wp-json\/wp\/v2\/product_cat?post=772482"},{"taxonomy":"product_tag","embeddable":true,"href":"https:\/\/streetmarkets.fr\/app\/wp-json\/wp\/v2\/product_tag?post=772482"}],"curies":[{"name":"wp","href":"https:\/\/api.w.org\/{rel}","templated":true}]}}