{"id":772378,"date":"2024-10-22T14:16:15","date_gmt":"2024-10-22T12:16:15","guid":{"rendered":"https:\/\/streetmarkets.fr\/app\/produit\/brassiere-savannah-noir\/"},"modified":"2025-11-24T00:17:23","modified_gmt":"2025-11-23T23:17:23","slug":"brassiere-savannah-noir","status":"publish","type":"product","link":"https:\/\/streetmarkets.fr\/app\/produit\/brassiere-savannah-noir\/","title":{"rendered":"Brassi\u00e8re Savannah &#8211; Noir"},"content":{"rendered":"<p>Savannah, c\u2019est la brassi\u00e8re en coton biologique certifi\u00e9 GOTS qui fait rimer confort et \u00e9l\u00e9gance. La mati\u00e8re est douce et respirante sur la peau, la dentelle italienne \u00e0 base de fibres recycl\u00e9es ajoute ce d\u00e9tail raffin\u00e9 qu\u2019on aime porter tous les jours.<\/p>\n<p>Design\u00e9e \u00e0 Paris et fabriqu\u00e9e en Hongrie, elle privil\u00e9gie des teintures certifi\u00e9es Oeko\u2011Tex 100. Une valeur s\u00fbre de lingerie \u00e9thique pour femme, facile \u00e0 glisser sous un t\u2011shirt, une chemise ou une robe. Un essentiel discret et chic, pens\u00e9 pour durer et se faire oublier\u2026 sauf par son joli rendu.<\/p>\n","protected":false},"excerpt":{"rendered":"<p>Savannah, c\u2019est la brassi\u00e8re en coton biologique certifi\u00e9 GOTS qui fait rimer confort et \u00e9l\u00e9gance. La mati\u00e8re est douce et respirante sur la peau, la dentelle italienne \u00e0 base de fibres recycl\u00e9es ajoute ce d\u00e9tail raffin\u00e9 qu\u2019on aime porter tous les jours. Design\u00e9e \u00e0 Paris et fabriqu\u00e9e en Hongrie, elle privil\u00e9gie des teintures certifi\u00e9es Oeko\u2011Tex [&hellip;]<\/p>\n","protected":false},"featured_media":772379,"comment_status":"open","ping_status":"closed","template":"","meta":[],"product_brand":[],"product_cat":[1756,1762],"product_tag":[1810],"acf":[],"_links":{"self":[{"href":"https:\/\/streetmarkets.fr\/app\/wp-json\/wp\/v2\/product\/772378"}],"collection":[{"href":"https:\/\/streetmarkets.fr\/app\/wp-json\/wp\/v2\/product"}],"about":[{"href":"https:\/\/streetmarkets.fr\/app\/wp-json\/wp\/v2\/types\/product"}],"replies":[{"embeddable":true,"href":"https:\/\/streetmarkets.fr\/app\/wp-json\/wp\/v2\/comments?post=772378"}],"wp:featuredmedia":[{"embeddable":true,"href":"https:\/\/streetmarkets.fr\/app\/wp-json\/wp\/v2\/media\/772379"}],"wp:attachment":[{"href":"https:\/\/streetmarkets.fr\/app\/wp-json\/wp\/v2\/media?parent=772378"}],"wp:term":[{"taxonomy":"product_brand","embeddable":true,"href":"https:\/\/streetmarkets.fr\/app\/wp-json\/wp\/v2\/product_brand?post=772378"},{"taxonomy":"product_cat","embeddable":true,"href":"https:\/\/streetmarkets.fr\/app\/wp-json\/wp\/v2\/product_cat?post=772378"},{"taxonomy":"product_tag","embeddable":true,"href":"https:\/\/streetmarkets.fr\/app\/wp-json\/wp\/v2\/product_tag?post=772378"}],"curies":[{"name":"wp","href":"https:\/\/api.w.org\/{rel}","templated":true}]}}