{"id":771892,"date":"2024-10-22T14:15:13","date_gmt":"2024-10-22T12:15:13","guid":{"rendered":"https:\/\/streetmarkets.fr\/app\/produit\/chouchou-esmee\/"},"modified":"2025-11-24T00:16:48","modified_gmt":"2025-11-23T23:16:48","slug":"chouchou-esmee","status":"publish","type":"product","link":"https:\/\/streetmarkets.fr\/app\/produit\/chouchou-esmee\/","title":{"rendered":"Chouchou Esm\u00e9e"},"content":{"rendered":"<p>Chic, simple et efficace : ce chouchou en coton bio apporte instantan\u00e9ment une touche de couleur \u00e0 vos coiffures. Con\u00e7u et fabriqu\u00e9 \u00e0 la main \u00e0 Paris, il allie style et douceur pour maintenir queue de cheval ou chignon sans tirer ni marquer.<\/p>\n<p>Son tissu issu de destockage limite le gaspillage textile, pour un accessoire vraiment \u00e9co\u2011pens\u00e9. L\u00e9ger, agr\u00e9able et durable, c\u2019est le petit plus qui change tout au quotidien, \u00e0 glisser dans un sac ou \u00e0 porter au poignet.<\/p>\n","protected":false},"excerpt":{"rendered":"<p>Chic, simple et efficace : ce chouchou en coton bio apporte instantan\u00e9ment une touche de couleur \u00e0 vos coiffures. Con\u00e7u et fabriqu\u00e9 \u00e0 la main \u00e0 Paris, il allie style et douceur pour maintenir queue de cheval ou chignon sans tirer ni marquer. Son tissu issu de destockage limite le gaspillage textile, pour un accessoire [&hellip;]<\/p>\n","protected":false},"featured_media":771893,"comment_status":"open","ping_status":"closed","template":"","meta":[],"product_brand":[],"product_cat":[1756,1764],"product_tag":[1810],"acf":[],"_links":{"self":[{"href":"https:\/\/streetmarkets.fr\/app\/wp-json\/wp\/v2\/product\/771892"}],"collection":[{"href":"https:\/\/streetmarkets.fr\/app\/wp-json\/wp\/v2\/product"}],"about":[{"href":"https:\/\/streetmarkets.fr\/app\/wp-json\/wp\/v2\/types\/product"}],"replies":[{"embeddable":true,"href":"https:\/\/streetmarkets.fr\/app\/wp-json\/wp\/v2\/comments?post=771892"}],"wp:featuredmedia":[{"embeddable":true,"href":"https:\/\/streetmarkets.fr\/app\/wp-json\/wp\/v2\/media\/771893"}],"wp:attachment":[{"href":"https:\/\/streetmarkets.fr\/app\/wp-json\/wp\/v2\/media?parent=771892"}],"wp:term":[{"taxonomy":"product_brand","embeddable":true,"href":"https:\/\/streetmarkets.fr\/app\/wp-json\/wp\/v2\/product_brand?post=771892"},{"taxonomy":"product_cat","embeddable":true,"href":"https:\/\/streetmarkets.fr\/app\/wp-json\/wp\/v2\/product_cat?post=771892"},{"taxonomy":"product_tag","embeddable":true,"href":"https:\/\/streetmarkets.fr\/app\/wp-json\/wp\/v2\/product_tag?post=771892"}],"curies":[{"name":"wp","href":"https:\/\/api.w.org\/{rel}","templated":true}]}}