{"id":771808,"date":"2024-10-22T14:15:07","date_gmt":"2024-10-22T12:15:07","guid":{"rendered":"https:\/\/streetmarkets.fr\/app\/produit\/chemise-de-pyjama-en-gaze-de-coton-bio-daphne-bleu\/"},"modified":"2025-11-24T00:16:46","modified_gmt":"2025-11-23T23:16:46","slug":"chemise-de-pyjama-en-gaze-de-coton-bio-daphne-bleu","status":"publish","type":"product","link":"https:\/\/streetmarkets.fr\/app\/produit\/chemise-de-pyjama-en-gaze-de-coton-bio-daphne-bleu\/","title":{"rendered":"Chemise de pyjama en gaze de coton bio DAPHN\u00c9 BLEU"},"content":{"rendered":"<p>Douce, l\u00e9g\u00e8re et respirante, cette chemise en <strong>double gaze de coton bio<\/strong> accompagne les nuits comme les journ\u00e9es chill. On l\u2019aime pour sa mati\u00e8re naturellement confortable et son style facile\u202f: \u00e0 porter en <strong>haut de pyjama<\/strong> avec le pantalon assorti, en d\u00e9pareill\u00e9 avec le pantalon Bleuet, ou carr\u00e9ment comme <strong>chemise casual<\/strong> rentr\u00e9e dans un jean.<\/p>\n<p>Les <strong>boutons recycl\u00e9s et recyclables<\/strong> et la <strong>fabrication \u00e9thique au Portugal<\/strong> en font une pi\u00e8ce belle et responsable. Et c\u00f4t\u00e9 pratique\u202f: un passage en machine \u00e0 30\u00b0C cycle d\u00e9licat suffit\u2026 <strong>sans repassage<\/strong>. Un essentiel simple, durable et tr\u00e8s agr\u00e9able \u00e0 vivre.<\/p>\n","protected":false},"excerpt":{"rendered":"<p>Douce, l\u00e9g\u00e8re et respirante, cette chemise en double gaze de coton bio accompagne les nuits comme les journ\u00e9es chill. On l\u2019aime pour sa mati\u00e8re naturellement confortable et son style facile\u202f: \u00e0 porter en haut de pyjama avec le pantalon assorti, en d\u00e9pareill\u00e9 avec le pantalon Bleuet, ou carr\u00e9ment comme chemise casual rentr\u00e9e dans un jean. [&hellip;]<\/p>\n","protected":false},"featured_media":771809,"comment_status":"open","ping_status":"closed","template":"","meta":[],"product_brand":[],"product_cat":[1756,1762],"product_tag":[1810],"acf":[],"_links":{"self":[{"href":"https:\/\/streetmarkets.fr\/app\/wp-json\/wp\/v2\/product\/771808"}],"collection":[{"href":"https:\/\/streetmarkets.fr\/app\/wp-json\/wp\/v2\/product"}],"about":[{"href":"https:\/\/streetmarkets.fr\/app\/wp-json\/wp\/v2\/types\/product"}],"replies":[{"embeddable":true,"href":"https:\/\/streetmarkets.fr\/app\/wp-json\/wp\/v2\/comments?post=771808"}],"wp:featuredmedia":[{"embeddable":true,"href":"https:\/\/streetmarkets.fr\/app\/wp-json\/wp\/v2\/media\/771809"}],"wp:attachment":[{"href":"https:\/\/streetmarkets.fr\/app\/wp-json\/wp\/v2\/media?parent=771808"}],"wp:term":[{"taxonomy":"product_brand","embeddable":true,"href":"https:\/\/streetmarkets.fr\/app\/wp-json\/wp\/v2\/product_brand?post=771808"},{"taxonomy":"product_cat","embeddable":true,"href":"https:\/\/streetmarkets.fr\/app\/wp-json\/wp\/v2\/product_cat?post=771808"},{"taxonomy":"product_tag","embeddable":true,"href":"https:\/\/streetmarkets.fr\/app\/wp-json\/wp\/v2\/product_tag?post=771808"}],"curies":[{"name":"wp","href":"https:\/\/api.w.org\/{rel}","templated":true}]}}