{"id":771790,"date":"2024-10-22T14:15:04","date_gmt":"2024-10-22T12:15:04","guid":{"rendered":"https:\/\/streetmarkets.fr\/app\/produit\/chemise-de-pyjama-en-gaze-de-coton-bio-daphne-terracotta\/"},"modified":"2025-11-24T00:16:46","modified_gmt":"2025-11-23T23:16:46","slug":"chemise-de-pyjama-en-gaze-de-coton-bio-daphne-terracotta","status":"publish","type":"product","link":"https:\/\/streetmarkets.fr\/app\/produit\/chemise-de-pyjama-en-gaze-de-coton-bio-daphne-terracotta\/","title":{"rendered":"Chemise de pyjama en gaze de coton bio DAPHN\u00c9 TERRACOTTA"},"content":{"rendered":"<p>DAPHN\u00c9, c\u2019est la chemise de pyjama en double gaze de coton bio qui fait rimer confort et style. Sa mati\u00e8re naturellement gaufr\u00e9e est douce sur la peau, l\u00e9g\u00e8re et respirante\u2009: parfaite pour des nuits au frais comme pour chiller \u00e0 la maison.<\/p>\n<p>On aime sa couleur terracotta chaleureuse et sa coupe facile \u00e0 vivre\u2009: elle se porte en haut de pyjama avec le pantalon assorti ou d\u00e9pareill\u00e9, et devient carr\u00e9ment une chemise casual rentr\u00e9e dans un jean. Les boutons sont recycl\u00e9s et recyclables, la fabrication est \u00e9thique au Portugal, et cerise sur le g\u00e2teau\u2026 pas besoin de repasser.<\/p>\n","protected":false},"excerpt":{"rendered":"<p>DAPHN\u00c9, c\u2019est la chemise de pyjama en double gaze de coton bio qui fait rimer confort et style. Sa mati\u00e8re naturellement gaufr\u00e9e est douce sur la peau, l\u00e9g\u00e8re et respirante\u2009: parfaite pour des nuits au frais comme pour chiller \u00e0 la maison. On aime sa couleur terracotta chaleureuse et sa coupe facile \u00e0 vivre\u2009: elle [&hellip;]<\/p>\n","protected":false},"featured_media":771791,"comment_status":"open","ping_status":"closed","template":"","meta":[],"product_brand":[],"product_cat":[1756,1762],"product_tag":[1810],"acf":[],"_links":{"self":[{"href":"https:\/\/streetmarkets.fr\/app\/wp-json\/wp\/v2\/product\/771790"}],"collection":[{"href":"https:\/\/streetmarkets.fr\/app\/wp-json\/wp\/v2\/product"}],"about":[{"href":"https:\/\/streetmarkets.fr\/app\/wp-json\/wp\/v2\/types\/product"}],"replies":[{"embeddable":true,"href":"https:\/\/streetmarkets.fr\/app\/wp-json\/wp\/v2\/comments?post=771790"}],"wp:featuredmedia":[{"embeddable":true,"href":"https:\/\/streetmarkets.fr\/app\/wp-json\/wp\/v2\/media\/771791"}],"wp:attachment":[{"href":"https:\/\/streetmarkets.fr\/app\/wp-json\/wp\/v2\/media?parent=771790"}],"wp:term":[{"taxonomy":"product_brand","embeddable":true,"href":"https:\/\/streetmarkets.fr\/app\/wp-json\/wp\/v2\/product_brand?post=771790"},{"taxonomy":"product_cat","embeddable":true,"href":"https:\/\/streetmarkets.fr\/app\/wp-json\/wp\/v2\/product_cat?post=771790"},{"taxonomy":"product_tag","embeddable":true,"href":"https:\/\/streetmarkets.fr\/app\/wp-json\/wp\/v2\/product_tag?post=771790"}],"curies":[{"name":"wp","href":"https:\/\/api.w.org\/{rel}","templated":true}]}}