{"id":770576,"date":"2024-10-22T14:10:56","date_gmt":"2024-10-22T12:10:56","guid":{"rendered":"https:\/\/streetmarkets.fr\/app\/produit\/patagonia-legging-femme-r1-daily-bottoms\/"},"modified":"2026-04-25T00:48:42","modified_gmt":"2026-04-24T22:48:42","slug":"patagonia-legging-femme-r1-daily-bottoms","status":"publish","type":"product","link":"https:\/\/streetmarkets.fr\/app\/produit\/patagonia-legging-femme-r1-daily-bottoms\/","title":{"rendered":"Patagonia Legging femme R1 Daily Bottoms"},"content":{"rendered":"<p>Le Patagonia legging femme R1 Daily Bottoms est un v\u00eatement technique id\u00e9al pour les activit\u00e9s quotidiennes qui offre chaleur et confort par temps froid. Il est aussi compos\u00e9 d\u2019une mati\u00e8re douce, de type polaire, et stretch en polyester recycl\u00e9. Les deux combin\u00e9s allient surface ext\u00e9rieure lisse et int\u00e9rieur rappelant la polaire traditionnelle. Sa confection est Fair Trade Certified\u2122.<\/p><\/p>\n","protected":false},"excerpt":{"rendered":"<p>Le Patagonia legging femme R1 Daily Bottoms est un v\u00eatement technique id\u00e9al pour les activit\u00e9s quotidiennes qui offre chaleur et confort par temps froid. Il est aussi compos\u00e9 d\u2019une mati\u00e8re douce, de type polaire, et stretch en polyester recycl\u00e9. Les deux combin\u00e9s allient surface ext\u00e9rieure lisse et int\u00e9rieur rappelant la polaire traditionnelle. Sa confection est [&hellip;]<\/p>\n","protected":false},"featured_media":770577,"comment_status":"open","ping_status":"closed","template":"","meta":[],"product_brand":[7133],"product_cat":[1756,1762],"product_tag":[2244],"acf":[],"_links":{"self":[{"href":"https:\/\/streetmarkets.fr\/app\/wp-json\/wp\/v2\/product\/770576"}],"collection":[{"href":"https:\/\/streetmarkets.fr\/app\/wp-json\/wp\/v2\/product"}],"about":[{"href":"https:\/\/streetmarkets.fr\/app\/wp-json\/wp\/v2\/types\/product"}],"replies":[{"embeddable":true,"href":"https:\/\/streetmarkets.fr\/app\/wp-json\/wp\/v2\/comments?post=770576"}],"wp:featuredmedia":[{"embeddable":true,"href":"https:\/\/streetmarkets.fr\/app\/wp-json\/wp\/v2\/media\/770577"}],"wp:attachment":[{"href":"https:\/\/streetmarkets.fr\/app\/wp-json\/wp\/v2\/media?parent=770576"}],"wp:term":[{"taxonomy":"product_brand","embeddable":true,"href":"https:\/\/streetmarkets.fr\/app\/wp-json\/wp\/v2\/product_brand?post=770576"},{"taxonomy":"product_cat","embeddable":true,"href":"https:\/\/streetmarkets.fr\/app\/wp-json\/wp\/v2\/product_cat?post=770576"},{"taxonomy":"product_tag","embeddable":true,"href":"https:\/\/streetmarkets.fr\/app\/wp-json\/wp\/v2\/product_tag?post=770576"}],"curies":[{"name":"wp","href":"https:\/\/api.w.org\/{rel}","templated":true}]}}