{"id":770508,"date":"2024-10-22T14:10:45","date_gmt":"2024-10-22T12:10:45","guid":{"rendered":"https:\/\/streetmarkets.fr\/app\/produit\/giro-gants-zero-cs-black\/"},"modified":"2026-05-09T00:48:48","modified_gmt":"2026-05-08T22:48:48","slug":"giro-gants-zero-cs-black","status":"publish","type":"product","link":"https:\/\/streetmarkets.fr\/app\/produit\/giro-gants-zero-cs-black\/","title":{"rendered":"Giro Gants Zero CS Black"},"content":{"rendered":"<p>Les Giro Gants Zero CS Black sont des gants haut de gamme<span data-mce-fragment=\"1\">\u00a0pour les cyclistes qui veulent le nec plus ultra en mati\u00e8re de ventilation, de contr\u00f4le, de contact avec le cintre et de durabilit\u00e9. <\/span><\/p>\n<p><span data-mce-fragment=\"1\">La paume souple et micro-a\u00e9r\u00e9e Cool Skin\u2122 est associ\u00e9e \u00e0 une tige Gradient\u2122 Stretch Woven qui offre une compression et un ajustement exceptionnel, de sorte que le gant se fait pratiquement oublier lorsque vous l&#8217;enfilez. Avec des mat\u00e9riaux qui peuvent supporter d&#8217;\u00eatre mis \u00e0 la machine apr\u00e8s une grosse sortie, ces gants seront toujours pr\u00eats pour le jour de la course.<\/span><\/p>\n","protected":false},"excerpt":{"rendered":"<p>Les Giro Gants Zero CS Black sont des gants haut de gamme\u00a0pour les cyclistes qui veulent le nec plus ultra en mati\u00e8re de ventilation, de contr\u00f4le, de contact avec le cintre et de durabilit\u00e9. La paume souple et micro-a\u00e9r\u00e9e Cool Skin\u2122 est associ\u00e9e \u00e0 une tige Gradient\u2122 Stretch Woven qui offre une compression et un [&hellip;]<\/p>\n","protected":false},"featured_media":770509,"comment_status":"open","ping_status":"closed","template":"","meta":[],"product_brand":[],"product_cat":[1756,1760],"product_tag":[2244],"acf":[],"_links":{"self":[{"href":"https:\/\/streetmarkets.fr\/app\/wp-json\/wp\/v2\/product\/770508"}],"collection":[{"href":"https:\/\/streetmarkets.fr\/app\/wp-json\/wp\/v2\/product"}],"about":[{"href":"https:\/\/streetmarkets.fr\/app\/wp-json\/wp\/v2\/types\/product"}],"replies":[{"embeddable":true,"href":"https:\/\/streetmarkets.fr\/app\/wp-json\/wp\/v2\/comments?post=770508"}],"wp:featuredmedia":[{"embeddable":true,"href":"https:\/\/streetmarkets.fr\/app\/wp-json\/wp\/v2\/media\/770509"}],"wp:attachment":[{"href":"https:\/\/streetmarkets.fr\/app\/wp-json\/wp\/v2\/media?parent=770508"}],"wp:term":[{"taxonomy":"product_brand","embeddable":true,"href":"https:\/\/streetmarkets.fr\/app\/wp-json\/wp\/v2\/product_brand?post=770508"},{"taxonomy":"product_cat","embeddable":true,"href":"https:\/\/streetmarkets.fr\/app\/wp-json\/wp\/v2\/product_cat?post=770508"},{"taxonomy":"product_tag","embeddable":true,"href":"https:\/\/streetmarkets.fr\/app\/wp-json\/wp\/v2\/product_tag?post=770508"}],"curies":[{"name":"wp","href":"https:\/\/api.w.org\/{rel}","templated":true}]}}