{"id":759280,"date":"2024-10-19T02:06:59","date_gmt":"2024-10-19T00:06:59","guid":{"rendered":"https:\/\/streetmarkets.fr\/app\/produit\/pull-sans-manches-coeur-leger-h24-femme-navy\/"},"modified":"2025-01-26T01:02:18","modified_gmt":"2025-01-26T00:02:18","slug":"pull-sans-manches-coeur-leger-h24-femme-navy","status":"publish","type":"product","link":"https:\/\/streetmarkets.fr\/app\/produit\/pull-sans-manches-coeur-leger-h24-femme-navy\/","title":{"rendered":"Pull Sans Manches Coeur L\u00e9ger (H24 \/ FEMME \/ Navy)"},"content":{"rendered":"<p>M\u00ealant l\u00e9g\u00e8ret\u00e9 et douceur, ce pull sans manches court et oversize 100% cachemire est muni d&#8217;un col rond. Le d\u00e9tail signature ? Un c\u0153ur rouge brod\u00e9 &#8220;FUTURE&#8221; se d\u00e9voile sur la poitrine. Portez-le seul ou gliss\u00e9 sur une chemise pour un look sophistiqu\u00e9.<\/p>\n<p>&#8211; Pull sans manches court en cachemire l\u00e9ger certifi\u00e9 GCS\u00ae Femme<br \/>\n<br \/>&#8211; Col rond<br \/>\n<br \/>&#8211; Intarsia c\u0153ur brod\u00e9 &#8220;FUTURE&#8221; sur la poitrine<br \/>\n<br \/>&#8211; Bords c\u00f4tel\u00e9s<br \/>\n<br \/>&#8211; Coupe oversize<br \/>\n<br \/>&#8211; Le Good Cashmere Standard\u00ae (GCS) est une norme ind\u00e9pendante pour un cachemire plus durable et plus responsable. Il vise \u00e0 am\u00e9liorer le bien-\u00eatre des ch\u00e8vres cachemire, les conditions de travail des \u00e9leveurs ainsi qu&#8217;\u00e0 prot\u00e9ger l&#8217;environnement.<br \/>&#8211; <u>Cachemire 2 fils<\/u> <\/p>\n","protected":false},"excerpt":{"rendered":"<p>M\u00ealant l\u00e9g\u00e8ret\u00e9 et douceur, ce pull sans manches court et oversize 100% cachemire est muni d&#8217;un col rond. Le d\u00e9tail signature ? Un c\u0153ur rouge brod\u00e9 &#8220;FUTURE&#8221; se d\u00e9voile sur la poitrine. Portez-le seul ou gliss\u00e9 sur une chemise pour un look sophistiqu\u00e9. &#8211; Pull sans manches court en cachemire l\u00e9ger certifi\u00e9 GCS\u00ae Femme &#8211; [&hellip;]<\/p>\n","protected":false},"featured_media":759281,"comment_status":"open","ping_status":"closed","template":"","meta":[],"product_brand":[6868],"product_cat":[1756,1762],"product_tag":[2244],"acf":[],"_links":{"self":[{"href":"https:\/\/streetmarkets.fr\/app\/wp-json\/wp\/v2\/product\/759280"}],"collection":[{"href":"https:\/\/streetmarkets.fr\/app\/wp-json\/wp\/v2\/product"}],"about":[{"href":"https:\/\/streetmarkets.fr\/app\/wp-json\/wp\/v2\/types\/product"}],"replies":[{"embeddable":true,"href":"https:\/\/streetmarkets.fr\/app\/wp-json\/wp\/v2\/comments?post=759280"}],"wp:featuredmedia":[{"embeddable":true,"href":"https:\/\/streetmarkets.fr\/app\/wp-json\/wp\/v2\/media\/759281"}],"wp:attachment":[{"href":"https:\/\/streetmarkets.fr\/app\/wp-json\/wp\/v2\/media?parent=759280"}],"wp:term":[{"taxonomy":"product_brand","embeddable":true,"href":"https:\/\/streetmarkets.fr\/app\/wp-json\/wp\/v2\/product_brand?post=759280"},{"taxonomy":"product_cat","embeddable":true,"href":"https:\/\/streetmarkets.fr\/app\/wp-json\/wp\/v2\/product_cat?post=759280"},{"taxonomy":"product_tag","embeddable":true,"href":"https:\/\/streetmarkets.fr\/app\/wp-json\/wp\/v2\/product_tag?post=759280"}],"curies":[{"name":"wp","href":"https:\/\/api.w.org\/{rel}","templated":true}]}}