{"id":759102,"date":"2024-10-19T01:59:27","date_gmt":"2024-10-18T23:59:27","guid":{"rendered":"https:\/\/streetmarkets.fr\/app\/produit\/poncho-elisabetta-en-cachemire-recycle-rifo\/"},"modified":"2026-04-25T01:43:44","modified_gmt":"2026-04-24T23:43:44","slug":"poncho-elisabetta-en-cachemire-recycle-rifo","status":"publish","type":"product","link":"https:\/\/streetmarkets.fr\/app\/produit\/poncho-elisabetta-en-cachemire-recycle-rifo\/","title":{"rendered":"Poncho Elisabetta en cachemire recycl\u00e9 Rifo"},"content":{"rendered":"<ul>\n<li>poncho \u00e0 col roul\u00e9\u00a0<\/li>\n<li>95% <strong>cachemire recycl\u00e9<\/strong>\u00a05% laine recycl\u00e9e<\/li>\n<li>disponible dans <strong>plusieurs coloris<\/strong>\n<\/li>\n<li>tricot\u00e9 dans un atelier en <strong>Toscane<\/strong> (Italie) \u00e0 partir de fils recycl\u00e9s certifi\u00e9s<\/li>\n<li>lavage \u00e0 la main recommand\u00e9<\/li>\n<li><strong>\u00e9conomie circulaire<\/strong><\/li>\n<li>marque <strong>\u00e9thique<\/strong> italienne\u00a0<strong>Rifo<\/strong>\n<\/li>\n<\/ul>\n<p>Chaud et chic, c&#8217;est le &#8220;<strong>must<\/strong>&#8221; de la saison ! C&#8217;est aussi une id\u00e9e de <strong>cadeau<\/strong> pour les <strong>f\u00eates<\/strong> &#8230;<\/p>\n","protected":false},"excerpt":{"rendered":"<p>poncho \u00e0 col roul\u00e9\u00a0 95% cachemire recycl\u00e9\u00a05% laine recycl\u00e9e disponible dans plusieurs coloris tricot\u00e9 dans un atelier en Toscane (Italie) \u00e0 partir de fils recycl\u00e9s certifi\u00e9s lavage \u00e0 la main recommand\u00e9 \u00e9conomie circulaire marque \u00e9thique italienne\u00a0Rifo Chaud et chic, c&#8217;est le &#8220;must&#8221; de la saison ! C&#8217;est aussi une id\u00e9e de cadeau pour les f\u00eates [&hellip;]<\/p>\n","protected":false},"featured_media":759103,"comment_status":"open","ping_status":"closed","template":"","meta":[],"product_brand":[],"product_cat":[1756,1762],"product_tag":[1810],"acf":[],"_links":{"self":[{"href":"https:\/\/streetmarkets.fr\/app\/wp-json\/wp\/v2\/product\/759102"}],"collection":[{"href":"https:\/\/streetmarkets.fr\/app\/wp-json\/wp\/v2\/product"}],"about":[{"href":"https:\/\/streetmarkets.fr\/app\/wp-json\/wp\/v2\/types\/product"}],"replies":[{"embeddable":true,"href":"https:\/\/streetmarkets.fr\/app\/wp-json\/wp\/v2\/comments?post=759102"}],"wp:featuredmedia":[{"embeddable":true,"href":"https:\/\/streetmarkets.fr\/app\/wp-json\/wp\/v2\/media\/759103"}],"wp:attachment":[{"href":"https:\/\/streetmarkets.fr\/app\/wp-json\/wp\/v2\/media?parent=759102"}],"wp:term":[{"taxonomy":"product_brand","embeddable":true,"href":"https:\/\/streetmarkets.fr\/app\/wp-json\/wp\/v2\/product_brand?post=759102"},{"taxonomy":"product_cat","embeddable":true,"href":"https:\/\/streetmarkets.fr\/app\/wp-json\/wp\/v2\/product_cat?post=759102"},{"taxonomy":"product_tag","embeddable":true,"href":"https:\/\/streetmarkets.fr\/app\/wp-json\/wp\/v2\/product_tag?post=759102"}],"curies":[{"name":"wp","href":"https:\/\/api.w.org\/{rel}","templated":true}]}}