{"id":756922,"date":"2024-10-18T02:21:34","date_gmt":"2024-10-18T00:21:34","guid":{"rendered":"https:\/\/streetmarkets.fr\/app\/produit\/jogging-large-h24-homme-gris-chine-fonce\/"},"modified":"2025-04-26T01:48:38","modified_gmt":"2025-04-25T23:48:38","slug":"jogging-large-h24-homme-gris-chine-fonce","status":"publish","type":"product","link":"https:\/\/streetmarkets.fr\/app\/produit\/jogging-large-h24-homme-gris-chine-fonce\/","title":{"rendered":"Jogging Large (H24 \/ HOMME \/ Gris Chin\u00e9 Fonc\u00e9)"},"content":{"rendered":"<p><!--td {border: 1px solid #cccccc;}br {mso-data-placement:same-cell;}--><\/p>\n<p><span data-sheets-root=\"1\">La silhouette est d\u00e9contract\u00e9e avec ce jogging large et oversize confectionn\u00e9 en cachemire. \u00c9lastiqu\u00e9 \u00e0 la taille, des poches style cargo conf\u00e8rent une allure d\u00e9contract\u00e9e en toute \u00e9l\u00e9gance. Facile \u00e0 associer, compl\u00e9tez votre look avec un t-shirt ample ou un pull moelleux.<\/p>\n<p>&#8211; Jogging large en cachemire certifi\u00e9 GCS\u00ae Homme<br \/>&#8211; Poches style cargo<br \/>&#8211; \u00c9lastiqu\u00e9e \u00e0 la taille<br \/>&#8211; Coupe oversize<br \/>&#8211; Le Good Cashmere Standard\u00ae (GCS) est une norme ind\u00e9pendante pour un cachemire plus durable et plus responsable. Il vise \u00e0 am\u00e9liorer le bien-\u00eatre des ch\u00e8vres cachemire, les conditions de travail des \u00e9leveurs ainsi qu&#8217;\u00e0 prot\u00e9ger l&#8217;environnement.<\/span><br \/>&#8211; <u>Cachemire 2 fils<\/u> <\/p>\n","protected":false},"excerpt":{"rendered":"<p>La silhouette est d\u00e9contract\u00e9e avec ce jogging large et oversize confectionn\u00e9 en cachemire. \u00c9lastiqu\u00e9 \u00e0 la taille, des poches style cargo conf\u00e8rent une allure d\u00e9contract\u00e9e en toute \u00e9l\u00e9gance. Facile \u00e0 associer, compl\u00e9tez votre look avec un t-shirt ample ou un pull moelleux. &#8211; Jogging large en cachemire certifi\u00e9 GCS\u00ae Homme&#8211; Poches style cargo&#8211; \u00c9lastiqu\u00e9e \u00e0 [&hellip;]<\/p>\n","protected":false},"featured_media":756923,"comment_status":"open","ping_status":"closed","template":"","meta":[],"product_brand":[6868],"product_cat":[1756,1758],"product_tag":[2244],"acf":[],"_links":{"self":[{"href":"https:\/\/streetmarkets.fr\/app\/wp-json\/wp\/v2\/product\/756922"}],"collection":[{"href":"https:\/\/streetmarkets.fr\/app\/wp-json\/wp\/v2\/product"}],"about":[{"href":"https:\/\/streetmarkets.fr\/app\/wp-json\/wp\/v2\/types\/product"}],"replies":[{"embeddable":true,"href":"https:\/\/streetmarkets.fr\/app\/wp-json\/wp\/v2\/comments?post=756922"}],"wp:featuredmedia":[{"embeddable":true,"href":"https:\/\/streetmarkets.fr\/app\/wp-json\/wp\/v2\/media\/756923"}],"wp:attachment":[{"href":"https:\/\/streetmarkets.fr\/app\/wp-json\/wp\/v2\/media?parent=756922"}],"wp:term":[{"taxonomy":"product_brand","embeddable":true,"href":"https:\/\/streetmarkets.fr\/app\/wp-json\/wp\/v2\/product_brand?post=756922"},{"taxonomy":"product_cat","embeddable":true,"href":"https:\/\/streetmarkets.fr\/app\/wp-json\/wp\/v2\/product_cat?post=756922"},{"taxonomy":"product_tag","embeddable":true,"href":"https:\/\/streetmarkets.fr\/app\/wp-json\/wp\/v2\/product_tag?post=756922"}],"curies":[{"name":"wp","href":"https:\/\/api.w.org\/{rel}","templated":true}]}}