{"id":756901,"date":"2024-10-18T02:21:32","date_gmt":"2024-10-18T00:21:32","guid":{"rendered":"https:\/\/streetmarkets.fr\/app\/produit\/pull-col-camionneur-h24-homme-lava-grey-100-laine-merinos-rws\/"},"modified":"2025-02-04T01:07:23","modified_gmt":"2025-02-04T00:07:23","slug":"pull-col-camionneur-h24-homme-lava-grey-100-laine-merinos-rws","status":"publish","type":"product","link":"https:\/\/streetmarkets.fr\/app\/produit\/pull-col-camionneur-h24-homme-lava-grey-100-laine-merinos-rws\/","title":{"rendered":"Pull Col Camionneur (H24 \/ HOMME \/ Lava Grey \/ 100% Laine M\u00e9rinos RWS)"},"content":{"rendered":"<p>Enveloppez-vous de douceur dans ce pull confectionn\u00e9 en 100% laine m\u00e9rinos certifi\u00e9e RWS (Responsible Wool Standard). Dot\u00e9 de manches longues, un col polo zipp\u00e9 et une poche poitrine plaqu\u00e9e structurent votre silhouette de saison.<\/p>\n<p>&#8211; Pull en laine m\u00e9rinos Homme<br \/>\n<br \/>&#8211; Col polo zipp\u00e9<br \/>\n<br \/>&#8211; Poche poitrine plaqu\u00e9e<br \/>\n<br \/>&#8211; Manches longues<br \/>\n<br \/>&#8211; Bords c\u00f4tel\u00e9s<br \/>\n<br \/>&#8211; Coupe regular<br \/>\n<br \/>&#8211; Laine m\u00e9rinos : respirante et thermor\u00e9gulatrice, elle peut \u00eatre port\u00e9e \u00e9t\u00e9 comme hiver<\/p>\n","protected":false},"excerpt":{"rendered":"<p>Enveloppez-vous de douceur dans ce pull confectionn\u00e9 en 100% laine m\u00e9rinos certifi\u00e9e RWS (Responsible Wool Standard). Dot\u00e9 de manches longues, un col polo zipp\u00e9 et une poche poitrine plaqu\u00e9e structurent votre silhouette de saison. &#8211; Pull en laine m\u00e9rinos Homme &#8211; Col polo zipp\u00e9 &#8211; Poche poitrine plaqu\u00e9e &#8211; Manches longues &#8211; Bords c\u00f4tel\u00e9s &#8211; [&hellip;]<\/p>\n","protected":false},"featured_media":756902,"comment_status":"open","ping_status":"closed","template":"","meta":[],"product_brand":[6868],"product_cat":[1756,1758],"product_tag":[2244],"acf":[],"_links":{"self":[{"href":"https:\/\/streetmarkets.fr\/app\/wp-json\/wp\/v2\/product\/756901"}],"collection":[{"href":"https:\/\/streetmarkets.fr\/app\/wp-json\/wp\/v2\/product"}],"about":[{"href":"https:\/\/streetmarkets.fr\/app\/wp-json\/wp\/v2\/types\/product"}],"replies":[{"embeddable":true,"href":"https:\/\/streetmarkets.fr\/app\/wp-json\/wp\/v2\/comments?post=756901"}],"wp:featuredmedia":[{"embeddable":true,"href":"https:\/\/streetmarkets.fr\/app\/wp-json\/wp\/v2\/media\/756902"}],"wp:attachment":[{"href":"https:\/\/streetmarkets.fr\/app\/wp-json\/wp\/v2\/media?parent=756901"}],"wp:term":[{"taxonomy":"product_brand","embeddable":true,"href":"https:\/\/streetmarkets.fr\/app\/wp-json\/wp\/v2\/product_brand?post=756901"},{"taxonomy":"product_cat","embeddable":true,"href":"https:\/\/streetmarkets.fr\/app\/wp-json\/wp\/v2\/product_cat?post=756901"},{"taxonomy":"product_tag","embeddable":true,"href":"https:\/\/streetmarkets.fr\/app\/wp-json\/wp\/v2\/product_tag?post=756901"}],"curies":[{"name":"wp","href":"https:\/\/api.w.org\/{rel}","templated":true}]}}