{"id":756860,"date":"2024-10-18T02:20:53","date_gmt":"2024-10-18T00:20:53","guid":{"rendered":"https:\/\/streetmarkets.fr\/app\/produit\/robe-longue-manche-longue-h24-femme-tropical-camel-100-laine-merinos-rws\/"},"modified":"2025-03-15T01:04:30","modified_gmt":"2025-03-15T00:04:30","slug":"robe-longue-manche-longue-h24-femme-tropical-camel-100-laine-merinos-rws","status":"publish","type":"product","link":"https:\/\/streetmarkets.fr\/app\/produit\/robe-longue-manche-longue-h24-femme-tropical-camel-100-laine-merinos-rws\/","title":{"rendered":"Robe Longue Manche Longue (H24 \/ FEMME \/ Tropical Camel \/ 100% Laine M\u00e9rinos RWS)"},"content":{"rendered":"<p>Confectionn\u00e9e en laine m\u00e9rinos certifi\u00e9e RWS (Responsible Wool Standard), cette robe longue et ajust\u00e9e s\u00e9duit par ses d\u00e9tails audacieux. Avec un col montant, elle d\u00e9voile une d\u00e9coupe \u00e0 la poitrine et des manches longues, r\u00e9hauss\u00e9es de liser\u00e9s contrast\u00e9s. \u00c9l\u00e9gante et structur\u00e9e, elle s&#8217;associe \u00e0 une paire d&#8217;escarpins.<\/p>\n<p>&#8211; Robe longue en laine m\u00e9rinos Femme<br \/>\n<br \/>&#8211; Liser\u00e9s contrast\u00e9s<br \/>\n<br \/>&#8211; Col montant<br \/>\n<br \/>&#8211; D\u00e9coupe \u00e0 la poitrine<br \/>\n<br \/>&#8211; Manches longues<br \/>\n<br \/>&#8211; Coupe slim<br \/>\n<br \/>&#8211; Laine m\u00e9rinos : respirante et thermor\u00e9gulatrice, elle peut \u00eatre port\u00e9e \u00e9t\u00e9 comme hiver<\/p>\n","protected":false},"excerpt":{"rendered":"<p>Confectionn\u00e9e en laine m\u00e9rinos certifi\u00e9e RWS (Responsible Wool Standard), cette robe longue et ajust\u00e9e s\u00e9duit par ses d\u00e9tails audacieux. Avec un col montant, elle d\u00e9voile une d\u00e9coupe \u00e0 la poitrine et des manches longues, r\u00e9hauss\u00e9es de liser\u00e9s contrast\u00e9s. \u00c9l\u00e9gante et structur\u00e9e, elle s&#8217;associe \u00e0 une paire d&#8217;escarpins. &#8211; Robe longue en laine m\u00e9rinos Femme &#8211; [&hellip;]<\/p>\n","protected":false},"featured_media":756861,"comment_status":"open","ping_status":"closed","template":"","meta":[],"product_brand":[6868],"product_cat":[1756,1762],"product_tag":[2244],"acf":[],"_links":{"self":[{"href":"https:\/\/streetmarkets.fr\/app\/wp-json\/wp\/v2\/product\/756860"}],"collection":[{"href":"https:\/\/streetmarkets.fr\/app\/wp-json\/wp\/v2\/product"}],"about":[{"href":"https:\/\/streetmarkets.fr\/app\/wp-json\/wp\/v2\/types\/product"}],"replies":[{"embeddable":true,"href":"https:\/\/streetmarkets.fr\/app\/wp-json\/wp\/v2\/comments?post=756860"}],"wp:featuredmedia":[{"embeddable":true,"href":"https:\/\/streetmarkets.fr\/app\/wp-json\/wp\/v2\/media\/756861"}],"wp:attachment":[{"href":"https:\/\/streetmarkets.fr\/app\/wp-json\/wp\/v2\/media?parent=756860"}],"wp:term":[{"taxonomy":"product_brand","embeddable":true,"href":"https:\/\/streetmarkets.fr\/app\/wp-json\/wp\/v2\/product_brand?post=756860"},{"taxonomy":"product_cat","embeddable":true,"href":"https:\/\/streetmarkets.fr\/app\/wp-json\/wp\/v2\/product_cat?post=756860"},{"taxonomy":"product_tag","embeddable":true,"href":"https:\/\/streetmarkets.fr\/app\/wp-json\/wp\/v2\/product_tag?post=756860"}],"curies":[{"name":"wp","href":"https:\/\/api.w.org\/{rel}","templated":true}]}}