{"id":755813,"date":"2024-10-17T02:13:54","date_gmt":"2024-10-17T00:13:54","guid":{"rendered":"https:\/\/streetmarkets.fr\/app\/produit\/pull-col-camionneur-bicolore-h24-femme-noir\/"},"modified":"2025-02-04T01:07:20","modified_gmt":"2025-02-04T00:07:20","slug":"pull-col-camionneur-bicolore-h24-femme-noir","status":"publish","type":"product","link":"https:\/\/streetmarkets.fr\/app\/produit\/pull-col-camionneur-bicolore-h24-femme-noir\/","title":{"rendered":"Pull Col Camionneur Bicolore (H24 \/ FEMME \/ Noir)"},"content":{"rendered":"<p>Structurez votre silhouette avec ce pull bicolore en cachemire orn\u00e9 d&#8217;un jeu de contrastes. R\u00e9hauss\u00e9 d&#8217;un col camionneur, de manches longues et de bords c\u00f4tel\u00e9s, des liser\u00e9s fluo soulignent la taille avec \u00e9l\u00e9gance. Compl\u00e9tez votre look de saison avec un pantalon ample ou un jean structur\u00e9.<\/p>\n<p>&#8211; Pull bicolore en cachemire certifi\u00e9 GCS\u00ae Femme<br \/>\n<br \/>&#8211; Liser\u00e9s contrast\u00e9s<br \/>\n<br \/>&#8211; Col camionneur c\u00f4tel\u00e9<br \/>\n<br \/>&#8211; Manches longues contrast\u00e9es<br \/>\n<br \/>&#8211; Bords c\u00f4tel\u00e9s<br \/>\n<br \/>&#8211; Coupe regular<br \/>\n<br \/>&#8211; Le Good Cashmere Standard\u00ae (GCS) est une norme ind\u00e9pendante pour un cachemire plus durable et plus responsable. Il vise \u00e0 am\u00e9liorer le bien-\u00eatre des ch\u00e8vres cachemire, les conditions de travail des \u00e9leveurs ainsi qu&#8217;\u00e0 prot\u00e9ger l&#8217;environnement.<br \/>&#8211; <u>Cachemire 6 fils<\/u> <\/p>\n","protected":false},"excerpt":{"rendered":"<p>Structurez votre silhouette avec ce pull bicolore en cachemire orn\u00e9 d&#8217;un jeu de contrastes. R\u00e9hauss\u00e9 d&#8217;un col camionneur, de manches longues et de bords c\u00f4tel\u00e9s, des liser\u00e9s fluo soulignent la taille avec \u00e9l\u00e9gance. Compl\u00e9tez votre look de saison avec un pantalon ample ou un jean structur\u00e9. &#8211; Pull bicolore en cachemire certifi\u00e9 GCS\u00ae Femme &#8211; [&hellip;]<\/p>\n","protected":false},"featured_media":755814,"comment_status":"open","ping_status":"closed","template":"","meta":[],"product_brand":[6868],"product_cat":[1756,1762],"product_tag":[2244],"acf":[],"_links":{"self":[{"href":"https:\/\/streetmarkets.fr\/app\/wp-json\/wp\/v2\/product\/755813"}],"collection":[{"href":"https:\/\/streetmarkets.fr\/app\/wp-json\/wp\/v2\/product"}],"about":[{"href":"https:\/\/streetmarkets.fr\/app\/wp-json\/wp\/v2\/types\/product"}],"replies":[{"embeddable":true,"href":"https:\/\/streetmarkets.fr\/app\/wp-json\/wp\/v2\/comments?post=755813"}],"wp:featuredmedia":[{"embeddable":true,"href":"https:\/\/streetmarkets.fr\/app\/wp-json\/wp\/v2\/media\/755814"}],"wp:attachment":[{"href":"https:\/\/streetmarkets.fr\/app\/wp-json\/wp\/v2\/media?parent=755813"}],"wp:term":[{"taxonomy":"product_brand","embeddable":true,"href":"https:\/\/streetmarkets.fr\/app\/wp-json\/wp\/v2\/product_brand?post=755813"},{"taxonomy":"product_cat","embeddable":true,"href":"https:\/\/streetmarkets.fr\/app\/wp-json\/wp\/v2\/product_cat?post=755813"},{"taxonomy":"product_tag","embeddable":true,"href":"https:\/\/streetmarkets.fr\/app\/wp-json\/wp\/v2\/product_tag?post=755813"}],"curies":[{"name":"wp","href":"https:\/\/api.w.org\/{rel}","templated":true}]}}