{"id":743804,"date":"2024-10-16T17:42:41","date_gmt":"2024-10-16T15:42:41","guid":{"rendered":"https:\/\/streetmarkets.fr\/app\/produit\/pince-a-cheveux-cerise-coucou-suzette\/"},"modified":"2026-04-16T01:40:07","modified_gmt":"2026-04-15T23:40:07","slug":"pince-a-cheveux-cerise-coucou-suzette","status":"publish","type":"product","link":"https:\/\/streetmarkets.fr\/app\/produit\/pince-a-cheveux-cerise-coucou-suzette\/","title":{"rendered":"Pince \u00e0 cheveux Cerise &#8211; Coucou Suzette"},"content":{"rendered":"<p class=\"\">Une jolie paire de cerises au sommet de la t\u00eate en guise de pince \u00e0 cheveux, dans un esprit d\u00e9licieusement r\u00e9tro comme on adore chez Coucou Suzette.<\/p>\n<p class=\"\">Cette pince glossy est r\u00e9alis\u00e9e en ac\u00e9tate, et ses d\u00e9tails sont ajout\u00e9s \u00e0 l\u2019encre dor\u00e9e, pour des looks color\u00e9s, frais et sucr\u00e9s toute l\u2019ann\u00e9e !<\/p>\n<p class=\"\"><strong>Hauteur : <\/strong>7 cm \/ <strong>Largeur : <\/strong>4,5 cm \/ <strong>Poids : <\/strong>15,3 g<\/p>\n<p class=\"\"><strong>Composition : <\/strong>Acetate de Cellulose Recycl\u00e9e &amp; Biod\u00e9gradable (Eco-Friendly)<\/p>\n","protected":false},"excerpt":{"rendered":"<p>Une jolie paire de cerises au sommet de la t\u00eate en guise de pince \u00e0 cheveux, dans un esprit d\u00e9licieusement r\u00e9tro comme on adore chez Coucou Suzette. Cette pince glossy est r\u00e9alis\u00e9e en ac\u00e9tate, et ses d\u00e9tails sont ajout\u00e9s \u00e0 l\u2019encre dor\u00e9e, pour des looks color\u00e9s, frais et sucr\u00e9s toute l\u2019ann\u00e9e ! Hauteur : 7 [&hellip;]<\/p>\n","protected":false},"featured_media":743805,"comment_status":"open","ping_status":"closed","template":"","meta":[],"product_brand":[],"product_cat":[1756,1764],"product_tag":[2244],"acf":[],"_links":{"self":[{"href":"https:\/\/streetmarkets.fr\/app\/wp-json\/wp\/v2\/product\/743804"}],"collection":[{"href":"https:\/\/streetmarkets.fr\/app\/wp-json\/wp\/v2\/product"}],"about":[{"href":"https:\/\/streetmarkets.fr\/app\/wp-json\/wp\/v2\/types\/product"}],"replies":[{"embeddable":true,"href":"https:\/\/streetmarkets.fr\/app\/wp-json\/wp\/v2\/comments?post=743804"}],"wp:featuredmedia":[{"embeddable":true,"href":"https:\/\/streetmarkets.fr\/app\/wp-json\/wp\/v2\/media\/743805"}],"wp:attachment":[{"href":"https:\/\/streetmarkets.fr\/app\/wp-json\/wp\/v2\/media?parent=743804"}],"wp:term":[{"taxonomy":"product_brand","embeddable":true,"href":"https:\/\/streetmarkets.fr\/app\/wp-json\/wp\/v2\/product_brand?post=743804"},{"taxonomy":"product_cat","embeddable":true,"href":"https:\/\/streetmarkets.fr\/app\/wp-json\/wp\/v2\/product_cat?post=743804"},{"taxonomy":"product_tag","embeddable":true,"href":"https:\/\/streetmarkets.fr\/app\/wp-json\/wp\/v2\/product_tag?post=743804"}],"curies":[{"name":"wp","href":"https:\/\/api.w.org\/{rel}","templated":true}]}}