{"id":743795,"date":"2024-10-16T17:42:40","date_gmt":"2024-10-16T15:42:40","guid":{"rendered":"https:\/\/streetmarkets.fr\/app\/produit\/mini-pince-a-cheveux-fraise-coucou-suzette\/"},"modified":"2026-05-09T01:40:14","modified_gmt":"2026-05-08T23:40:14","slug":"mini-pince-a-cheveux-fraise-coucou-suzette","status":"publish","type":"product","link":"https:\/\/streetmarkets.fr\/app\/produit\/mini-pince-a-cheveux-fraise-coucou-suzette\/","title":{"rendered":"Mini pince \u00e0 cheveux Fraise &#8211; Coucou Suzette"},"content":{"rendered":"<p class=\"\">Voici un tout nouveau format de barrette, pour satisfaire aussi bien les chevelures XL que les cheveux courts ou fins, des enfants comme \u201cdes grands\u201d ! On esp\u00e8re que vous aimerez cette adorable mini pince \u00e0 cheveux en forme de gourmande fraise rouge autant que nous avons pris de plaisir \u00e0 l\u2019imaginer. Un accessoire super pratique dont on ne peut plus se passer, \u00e0 garder sous la main pour le clipser \u00e0 volont\u00e9.<\/p>\n<p class=\"\"><strong>Hauteur : <\/strong>3 cm \/ <strong>Largeur : <\/strong>3,2 cm \/ <strong>Poids : <\/strong>6,4 gr<\/p>\n<p class=\"\"><strong>Composition : <\/strong>Acetate de Cellulose Recycl\u00e9e &amp; Biod\u00e9gradable (Eco-Friendly)<\/p>\n","protected":false},"excerpt":{"rendered":"<p>Voici un tout nouveau format de barrette, pour satisfaire aussi bien les chevelures XL que les cheveux courts ou fins, des enfants comme \u201cdes grands\u201d ! On esp\u00e8re que vous aimerez cette adorable mini pince \u00e0 cheveux en forme de gourmande fraise rouge autant que nous avons pris de plaisir \u00e0 l\u2019imaginer. Un accessoire super [&hellip;]<\/p>\n","protected":false},"featured_media":743796,"comment_status":"open","ping_status":"closed","template":"","meta":[],"product_brand":[],"product_cat":[1756,1764],"product_tag":[2244],"acf":[],"_links":{"self":[{"href":"https:\/\/streetmarkets.fr\/app\/wp-json\/wp\/v2\/product\/743795"}],"collection":[{"href":"https:\/\/streetmarkets.fr\/app\/wp-json\/wp\/v2\/product"}],"about":[{"href":"https:\/\/streetmarkets.fr\/app\/wp-json\/wp\/v2\/types\/product"}],"replies":[{"embeddable":true,"href":"https:\/\/streetmarkets.fr\/app\/wp-json\/wp\/v2\/comments?post=743795"}],"wp:featuredmedia":[{"embeddable":true,"href":"https:\/\/streetmarkets.fr\/app\/wp-json\/wp\/v2\/media\/743796"}],"wp:attachment":[{"href":"https:\/\/streetmarkets.fr\/app\/wp-json\/wp\/v2\/media?parent=743795"}],"wp:term":[{"taxonomy":"product_brand","embeddable":true,"href":"https:\/\/streetmarkets.fr\/app\/wp-json\/wp\/v2\/product_brand?post=743795"},{"taxonomy":"product_cat","embeddable":true,"href":"https:\/\/streetmarkets.fr\/app\/wp-json\/wp\/v2\/product_cat?post=743795"},{"taxonomy":"product_tag","embeddable":true,"href":"https:\/\/streetmarkets.fr\/app\/wp-json\/wp\/v2\/product_tag?post=743795"}],"curies":[{"name":"wp","href":"https:\/\/api.w.org\/{rel}","templated":true}]}}