{"id":743781,"date":"2024-10-16T17:42:40","date_gmt":"2024-10-16T15:42:40","guid":{"rendered":"https:\/\/streetmarkets.fr\/app\/produit\/pince-oeil-vert-coucou-suzette\/"},"modified":"2026-05-09T01:40:14","modified_gmt":"2026-05-08T23:40:14","slug":"pince-oeil-vert-coucou-suzette","status":"publish","type":"product","link":"https:\/\/streetmarkets.fr\/app\/produit\/pince-oeil-vert-coucou-suzette\/","title":{"rendered":"Pince Oeil Vert &#8211; Coucou Suzette"},"content":{"rendered":"<p class=\"\">La c\u00e9l\u00e8bre pince \u00e0 cheveux Oeil, \u00e9l\u00e9gante, un poil r\u00e9tro kitsch et originale, v\u00e9ritable chouchoute de Coucou Suzette.!<\/p>\n<p class=\"\">Apr\u00e8s de tr\u00e8s nombreuses demandes de la part des crini\u00e8res les plus \u00e9paisses, nous avons cr\u00e9\u00e9 cette grande pince pour que chaque type de cheveux puisse y trouver son compte !<\/p>\n","protected":false},"excerpt":{"rendered":"<p>La c\u00e9l\u00e8bre pince \u00e0 cheveux Oeil, \u00e9l\u00e9gante, un poil r\u00e9tro kitsch et originale, v\u00e9ritable chouchoute de Coucou Suzette.! Apr\u00e8s de tr\u00e8s nombreuses demandes de la part des crini\u00e8res les plus \u00e9paisses, nous avons cr\u00e9\u00e9 cette grande pince pour que chaque type de cheveux puisse y trouver son compte !<\/p>\n","protected":false},"featured_media":743782,"comment_status":"open","ping_status":"closed","template":"","meta":[],"product_brand":[],"product_cat":[1756,1764],"product_tag":[2244],"acf":[],"_links":{"self":[{"href":"https:\/\/streetmarkets.fr\/app\/wp-json\/wp\/v2\/product\/743781"}],"collection":[{"href":"https:\/\/streetmarkets.fr\/app\/wp-json\/wp\/v2\/product"}],"about":[{"href":"https:\/\/streetmarkets.fr\/app\/wp-json\/wp\/v2\/types\/product"}],"replies":[{"embeddable":true,"href":"https:\/\/streetmarkets.fr\/app\/wp-json\/wp\/v2\/comments?post=743781"}],"wp:featuredmedia":[{"embeddable":true,"href":"https:\/\/streetmarkets.fr\/app\/wp-json\/wp\/v2\/media\/743782"}],"wp:attachment":[{"href":"https:\/\/streetmarkets.fr\/app\/wp-json\/wp\/v2\/media?parent=743781"}],"wp:term":[{"taxonomy":"product_brand","embeddable":true,"href":"https:\/\/streetmarkets.fr\/app\/wp-json\/wp\/v2\/product_brand?post=743781"},{"taxonomy":"product_cat","embeddable":true,"href":"https:\/\/streetmarkets.fr\/app\/wp-json\/wp\/v2\/product_cat?post=743781"},{"taxonomy":"product_tag","embeddable":true,"href":"https:\/\/streetmarkets.fr\/app\/wp-json\/wp\/v2\/product_tag?post=743781"}],"curies":[{"name":"wp","href":"https:\/\/api.w.org\/{rel}","templated":true}]}}