{"id":743697,"date":"2024-10-16T17:42:36","date_gmt":"2024-10-16T15:42:36","guid":{"rendered":"https:\/\/streetmarkets.fr\/app\/produit\/pince-a-cheveux-shiba-2\/"},"modified":"2026-04-11T01:40:12","modified_gmt":"2026-04-10T23:40:12","slug":"pince-a-cheveux-shiba-2","status":"publish","type":"product","link":"https:\/\/streetmarkets.fr\/app\/produit\/pince-a-cheveux-shiba-2\/","title":{"rendered":"Pince \u00e0 cheveux Shiba"},"content":{"rendered":"<p class=\"\">Adopter un chien dans votre vie ! Une pince Shiba&nbsp;qui donnera du chien \u00e0 vos coiff\u00e9s d\u00e9coiff\u00e9s.<\/p>\n<p class=\"\">Ce chien originaire du Japon poss\u00e8de \u00e0 la fois un regard malicieux et une bouille de vieux sage. Mais il nous fait toujours craquer avec sa queue recourb\u00e9e et sa personnalit\u00e9 enjou\u00e9e !<\/p>\n<p class=\"\"><strong>Hauteur : <\/strong>4,5 cm<\/p>\n<p class=\"\"><strong>Largeur : <\/strong>8 cm<\/p>\n<p class=\"\"><strong>Poids : <\/strong>26 gr<\/p>\n<p class=\"\"><strong>Composition : <\/strong>Acetate de Cellulose<\/p>\n","protected":false},"excerpt":{"rendered":"<p>Adopter un chien dans votre vie ! Une pince Shiba&nbsp;qui donnera du chien \u00e0 vos coiff\u00e9s d\u00e9coiff\u00e9s. Ce chien originaire du Japon poss\u00e8de \u00e0 la fois un regard malicieux et une bouille de vieux sage. Mais il nous fait toujours craquer avec sa queue recourb\u00e9e et sa personnalit\u00e9 enjou\u00e9e ! Hauteur : 4,5 cm Largeur [&hellip;]<\/p>\n","protected":false},"featured_media":743698,"comment_status":"open","ping_status":"closed","template":"","meta":[],"product_brand":[],"product_cat":[1756,1764],"product_tag":[2244],"acf":[],"_links":{"self":[{"href":"https:\/\/streetmarkets.fr\/app\/wp-json\/wp\/v2\/product\/743697"}],"collection":[{"href":"https:\/\/streetmarkets.fr\/app\/wp-json\/wp\/v2\/product"}],"about":[{"href":"https:\/\/streetmarkets.fr\/app\/wp-json\/wp\/v2\/types\/product"}],"replies":[{"embeddable":true,"href":"https:\/\/streetmarkets.fr\/app\/wp-json\/wp\/v2\/comments?post=743697"}],"wp:featuredmedia":[{"embeddable":true,"href":"https:\/\/streetmarkets.fr\/app\/wp-json\/wp\/v2\/media\/743698"}],"wp:attachment":[{"href":"https:\/\/streetmarkets.fr\/app\/wp-json\/wp\/v2\/media?parent=743697"}],"wp:term":[{"taxonomy":"product_brand","embeddable":true,"href":"https:\/\/streetmarkets.fr\/app\/wp-json\/wp\/v2\/product_brand?post=743697"},{"taxonomy":"product_cat","embeddable":true,"href":"https:\/\/streetmarkets.fr\/app\/wp-json\/wp\/v2\/product_cat?post=743697"},{"taxonomy":"product_tag","embeddable":true,"href":"https:\/\/streetmarkets.fr\/app\/wp-json\/wp\/v2\/product_tag?post=743697"}],"curies":[{"name":"wp","href":"https:\/\/api.w.org\/{rel}","templated":true}]}}