{"id":743659,"date":"2024-10-16T17:42:34","date_gmt":"2024-10-16T15:42:34","guid":{"rendered":"https:\/\/streetmarkets.fr\/app\/produit\/pince-a-cheveux-paon-coucou-suzette\/"},"modified":"2026-05-07T01:40:10","modified_gmt":"2026-05-06T23:40:10","slug":"pince-a-cheveux-paon-coucou-suzette","status":"publish","type":"product","link":"https:\/\/streetmarkets.fr\/app\/produit\/pince-a-cheveux-paon-coucou-suzette\/","title":{"rendered":"Pince \u00e0 cheveux Paon &#8211; Coucou Suzette"},"content":{"rendered":"<p class=\"\">Une sublime pince \u00e0 cheveux color\u00e9e en forme de Paon, cet oiseau qui nous fascine quand il fait la roue pour impressionner sa cour&#8230; Dame Nature n\u2019a pas ch\u00f4m\u00e9 quand elle a imagin\u00e9 cet animal ! Dans les tons bleus roi et verts \u00e9meraude nacr\u00e9s, avec ses jolis d\u00e9tails \u00e0 l\u2019encre dor\u00e9e, que l\u2019on retrouve aussi bien \u00e0 l\u2019ext\u00e9rieur qu\u2019\u00e0 l&#8217;int\u00e9rieur. On s&#8217;est senties tr\u00e8s inspir\u00e9es aussi avec la cr\u00e9ation de cet accessoire unique en son genre.<\/p>\n<p class=\"\">Une parade nuptiale en toute circonstance pour relever nos cheveux avec \u00e9l\u00e9gance et originalit\u00e9.<\/p>\n<p class=\"\"><strong>Hauteur : <\/strong>8,3 cm \/ <strong>Largeur : <\/strong>5,5 cm \/ <strong>Poids : <\/strong>29,1 gr<\/p>\n<p class=\"\"><strong>Composition : <\/strong>Acetate de Cellulose Recycl\u00e9e &amp; Biod\u00e9gradable (Eco-Friendly)<\/p>\n","protected":false},"excerpt":{"rendered":"<p>Une sublime pince \u00e0 cheveux color\u00e9e en forme de Paon, cet oiseau qui nous fascine quand il fait la roue pour impressionner sa cour&#8230; Dame Nature n\u2019a pas ch\u00f4m\u00e9 quand elle a imagin\u00e9 cet animal ! Dans les tons bleus roi et verts \u00e9meraude nacr\u00e9s, avec ses jolis d\u00e9tails \u00e0 l\u2019encre dor\u00e9e, que l\u2019on retrouve [&hellip;]<\/p>\n","protected":false},"featured_media":743660,"comment_status":"open","ping_status":"closed","template":"","meta":[],"product_brand":[],"product_cat":[1756,1764],"product_tag":[2244],"acf":[],"_links":{"self":[{"href":"https:\/\/streetmarkets.fr\/app\/wp-json\/wp\/v2\/product\/743659"}],"collection":[{"href":"https:\/\/streetmarkets.fr\/app\/wp-json\/wp\/v2\/product"}],"about":[{"href":"https:\/\/streetmarkets.fr\/app\/wp-json\/wp\/v2\/types\/product"}],"replies":[{"embeddable":true,"href":"https:\/\/streetmarkets.fr\/app\/wp-json\/wp\/v2\/comments?post=743659"}],"wp:featuredmedia":[{"embeddable":true,"href":"https:\/\/streetmarkets.fr\/app\/wp-json\/wp\/v2\/media\/743660"}],"wp:attachment":[{"href":"https:\/\/streetmarkets.fr\/app\/wp-json\/wp\/v2\/media?parent=743659"}],"wp:term":[{"taxonomy":"product_brand","embeddable":true,"href":"https:\/\/streetmarkets.fr\/app\/wp-json\/wp\/v2\/product_brand?post=743659"},{"taxonomy":"product_cat","embeddable":true,"href":"https:\/\/streetmarkets.fr\/app\/wp-json\/wp\/v2\/product_cat?post=743659"},{"taxonomy":"product_tag","embeddable":true,"href":"https:\/\/streetmarkets.fr\/app\/wp-json\/wp\/v2\/product_tag?post=743659"}],"curies":[{"name":"wp","href":"https:\/\/api.w.org\/{rel}","templated":true}]}}