{"id":743645,"date":"2024-10-16T17:42:34","date_gmt":"2024-10-16T15:42:34","guid":{"rendered":"https:\/\/streetmarkets.fr\/app\/produit\/mini-pince-a-cheveux-citron-coucou-suzette\/"},"modified":"2026-05-09T01:40:14","modified_gmt":"2026-05-08T23:40:14","slug":"mini-pince-a-cheveux-citron-coucou-suzette","status":"publish","type":"product","link":"https:\/\/streetmarkets.fr\/app\/produit\/mini-pince-a-cheveux-citron-coucou-suzette\/","title":{"rendered":"Mini pince \u00e0 cheveux Citron &#8211; Coucou Suzette"},"content":{"rendered":"<p class=\"\">Voil\u00e0 un citron miniature qui malgr\u00e9 sa petite taille tiendra les chevelures les plus longues, et comblera \u00e9galement les cheveux courts ! Son attache au top s\u2019agrippe \u00e0 volont\u00e9 \u00e0 tous les chignons et maintiendra en place toutes les m\u00e8ches rebelles. On craque pour sa couleur jaune flashy qui ajoutera la touche de vitamine qu\u2019il manquait \u00e0 nos looks !<\/p>\n<p class=\"\"><strong>Hauteur : <\/strong>3,5 cm \/ <strong>Largeur : <\/strong>3,5 cm \/ <strong>Poids : <\/strong>6,5 g<\/p>\n<p class=\"\"><strong>Composition : <\/strong>Acetate de Cellulose Recycl\u00e9e &amp; Biod\u00e9gradable (Eco-Friendly)<\/p>\n","protected":false},"excerpt":{"rendered":"<p>Voil\u00e0 un citron miniature qui malgr\u00e9 sa petite taille tiendra les chevelures les plus longues, et comblera \u00e9galement les cheveux courts ! Son attache au top s\u2019agrippe \u00e0 volont\u00e9 \u00e0 tous les chignons et maintiendra en place toutes les m\u00e8ches rebelles. On craque pour sa couleur jaune flashy qui ajoutera la touche de vitamine qu\u2019il [&hellip;]<\/p>\n","protected":false},"featured_media":743646,"comment_status":"open","ping_status":"closed","template":"","meta":[],"product_brand":[],"product_cat":[1756,1764],"product_tag":[2244],"acf":[],"_links":{"self":[{"href":"https:\/\/streetmarkets.fr\/app\/wp-json\/wp\/v2\/product\/743645"}],"collection":[{"href":"https:\/\/streetmarkets.fr\/app\/wp-json\/wp\/v2\/product"}],"about":[{"href":"https:\/\/streetmarkets.fr\/app\/wp-json\/wp\/v2\/types\/product"}],"replies":[{"embeddable":true,"href":"https:\/\/streetmarkets.fr\/app\/wp-json\/wp\/v2\/comments?post=743645"}],"wp:featuredmedia":[{"embeddable":true,"href":"https:\/\/streetmarkets.fr\/app\/wp-json\/wp\/v2\/media\/743646"}],"wp:attachment":[{"href":"https:\/\/streetmarkets.fr\/app\/wp-json\/wp\/v2\/media?parent=743645"}],"wp:term":[{"taxonomy":"product_brand","embeddable":true,"href":"https:\/\/streetmarkets.fr\/app\/wp-json\/wp\/v2\/product_brand?post=743645"},{"taxonomy":"product_cat","embeddable":true,"href":"https:\/\/streetmarkets.fr\/app\/wp-json\/wp\/v2\/product_cat?post=743645"},{"taxonomy":"product_tag","embeddable":true,"href":"https:\/\/streetmarkets.fr\/app\/wp-json\/wp\/v2\/product_tag?post=743645"}],"curies":[{"name":"wp","href":"https:\/\/api.w.org\/{rel}","templated":true}]}}