{"id":735287,"date":"2024-10-16T17:26:31","date_gmt":"2024-10-16T15:26:31","guid":{"rendered":"https:\/\/streetmarkets.fr\/app\/produit\/boite-a-bijoux-rectangulaire-peinte-vintage\/"},"modified":"2025-09-01T00:27:03","modified_gmt":"2025-08-31T22:27:03","slug":"boite-a-bijoux-rectangulaire-peinte-vintage","status":"publish","type":"product","link":"https:\/\/streetmarkets.fr\/app\/produit\/boite-a-bijoux-rectangulaire-peinte-vintage\/","title":{"rendered":"Boite \u00e0 bijoux rectangulaire peinte (vintage)"},"content":{"rendered":"<p>C\u00e9ramique peinture,te sur le dessus et le cot\u00e9. Boite \u00e0 bijoux id\u00e9al.<\/p>\n<p>&nbsp;<\/p>\n<p>&nbsp;<\/p>\n<p>&nbsp;<\/p>\n<p>&nbsp;<\/p>\n","protected":false},"excerpt":{"rendered":"<p>C\u00e9ramique peinture,te sur le dessus et le cot\u00e9. Boite \u00e0 bijoux id\u00e9al. &nbsp; &nbsp; &nbsp; &nbsp;<\/p>\n","protected":false},"featured_media":735288,"comment_status":"open","ping_status":"closed","template":"","meta":[],"product_brand":[],"product_cat":[1756,1764],"product_tag":[1811,2122],"acf":[],"_links":{"self":[{"href":"https:\/\/streetmarkets.fr\/app\/wp-json\/wp\/v2\/product\/735287"}],"collection":[{"href":"https:\/\/streetmarkets.fr\/app\/wp-json\/wp\/v2\/product"}],"about":[{"href":"https:\/\/streetmarkets.fr\/app\/wp-json\/wp\/v2\/types\/product"}],"replies":[{"embeddable":true,"href":"https:\/\/streetmarkets.fr\/app\/wp-json\/wp\/v2\/comments?post=735287"}],"wp:featuredmedia":[{"embeddable":true,"href":"https:\/\/streetmarkets.fr\/app\/wp-json\/wp\/v2\/media\/735288"}],"wp:attachment":[{"href":"https:\/\/streetmarkets.fr\/app\/wp-json\/wp\/v2\/media?parent=735287"}],"wp:term":[{"taxonomy":"product_brand","embeddable":true,"href":"https:\/\/streetmarkets.fr\/app\/wp-json\/wp\/v2\/product_brand?post=735287"},{"taxonomy":"product_cat","embeddable":true,"href":"https:\/\/streetmarkets.fr\/app\/wp-json\/wp\/v2\/product_cat?post=735287"},{"taxonomy":"product_tag","embeddable":true,"href":"https:\/\/streetmarkets.fr\/app\/wp-json\/wp\/v2\/product_tag?post=735287"}],"curies":[{"name":"wp","href":"https:\/\/api.w.org\/{rel}","templated":true}]}}