{"id":730001,"date":"2024-10-16T16:47:15","date_gmt":"2024-10-16T14:47:15","guid":{"rendered":"https:\/\/streetmarkets.fr\/app\/produit\/meneham-chemisier-blanc-fantaisie-a-motif-perroquets\/"},"modified":"2026-05-02T00:42:45","modified_gmt":"2026-05-01T22:42:45","slug":"meneham-chemisier-blanc-fantaisie-a-motif-perroquets","status":"publish","type":"product","link":"https:\/\/streetmarkets.fr\/app\/produit\/meneham-chemisier-blanc-fantaisie-a-motif-perroquets\/","title":{"rendered":"M\u00e9n\u00e9ham, Chemisier blanc fantaisie \u00e0 motif perroquets"},"content":{"rendered":"<p>M\u00e9n\u00e9ham, Chemisier Femme Fantaisie manches 3\/4 coton &#8211; Maison Le Glazik<\/p>\n<p>Le chemisier blanc \u00e0 motifs perroquets, il s&#8217;associe avec ses tons bleus et rouge avec de tr\u00e8s nombreuses couleurs.<\/p>\n<p style=\"text-align:justify\">D\u00e9couvrez le Chemisier Blanc Fantaisie aux motifs Perroquets de la Maison Le Glazik, une marque historique de v\u00eatements marins bretons depuis 1928. Ce magnifique chemisier femme en 100% coton est un mod\u00e8le fantaisie blanc avec des motifs dans les tons bleu et rouge, ce qui lui permet de s&#8217;harmoniser facilement avec de nombreuses autres couleurs.<\/p>\n<p style=\"text-align:justify\">\n<p style=\"text-align:justify\">Fabriqu\u00e9 en 100% coton, ce chemisier offre un confort de qualit\u00e9 sup\u00e9rieure. Ses boutons sigl\u00e9s Le Glazik ajoutent une touche d&#8217;originalit\u00e9 suppl\u00e9mentaire, refl\u00e9tant l&#8217;attention aux d\u00e9tails caract\u00e9ristique de la marque.<\/p>\n<p style=\"text-align:justify\">\n<p style=\"text-align:justify\">Con\u00e7u pour durer, ce chemisier s&#8217;inscrit parfaitement dans le mouvement de la mode durable, qui est au c\u0153ur de la philosophie de cette marque familiale depuis sa cr\u00e9ation en 1928. Chez Le Glazik, nous nous engageons \u00e0 cr\u00e9er des produits de qualit\u00e9 qui r\u00e9sistent \u00e0 l&#8217;\u00e9preuve du temps, tout en respectant l&#8217;environnement.<\/p>\n<p style=\"text-align:justify\">\n<p style=\"text-align:justify\">Pour prendre soin de votre chemisier, nous vous recommandons de le laver \u00e0 l&#8217;envers et de l&#8217;essorer doucement. Cette pr\u00e9caution permettra de pr\u00e9server les motifs perroquets et de conserver l&#8217;\u00e9clat des couleurs.<\/p>\n<p style=\"text-align:justify\">\n<p style=\"text-align:justify\">Optez pour le Chemisier Blanc Fantaisie aux motifs Perroquets de la Maison Le Glazik et profitez d&#8217;un v\u00eatement de qualit\u00e9, alliant style, confort et durabilit\u00e9. Explorez d\u00e8s maintenant notre s\u00e9lection et faites confiance \u00e0 notre expertise dans le domaine des v\u00eatements durable fran\u00e7ais.<\/p>\n<div class=\"ligne\">\n<div class=\"legende\"><\/div>\n<div class=\"legende\"><\/div>\n<div class=\"legende\"><\/div>\n<\/div>\n","protected":false},"excerpt":{"rendered":"<p>M\u00e9n\u00e9ham, Chemisier Femme Fantaisie manches 3\/4 coton &#8211; Maison Le Glazik Le chemisier blanc \u00e0 motifs perroquets, il s&#8217;associe avec ses tons bleus et rouge avec de tr\u00e8s nombreuses couleurs. D\u00e9couvrez le Chemisier Blanc Fantaisie aux motifs Perroquets de la Maison Le Glazik, une marque historique de v\u00eatements marins bretons depuis 1928. Ce magnifique chemisier [&hellip;]<\/p>\n","protected":false},"featured_media":730002,"comment_status":"open","ping_status":"closed","template":"","meta":[],"product_brand":[],"product_cat":[1756],"product_tag":[],"acf":[],"_links":{"self":[{"href":"https:\/\/streetmarkets.fr\/app\/wp-json\/wp\/v2\/product\/730001"}],"collection":[{"href":"https:\/\/streetmarkets.fr\/app\/wp-json\/wp\/v2\/product"}],"about":[{"href":"https:\/\/streetmarkets.fr\/app\/wp-json\/wp\/v2\/types\/product"}],"replies":[{"embeddable":true,"href":"https:\/\/streetmarkets.fr\/app\/wp-json\/wp\/v2\/comments?post=730001"}],"wp:featuredmedia":[{"embeddable":true,"href":"https:\/\/streetmarkets.fr\/app\/wp-json\/wp\/v2\/media\/730002"}],"wp:attachment":[{"href":"https:\/\/streetmarkets.fr\/app\/wp-json\/wp\/v2\/media?parent=730001"}],"wp:term":[{"taxonomy":"product_brand","embeddable":true,"href":"https:\/\/streetmarkets.fr\/app\/wp-json\/wp\/v2\/product_brand?post=730001"},{"taxonomy":"product_cat","embeddable":true,"href":"https:\/\/streetmarkets.fr\/app\/wp-json\/wp\/v2\/product_cat?post=730001"},{"taxonomy":"product_tag","embeddable":true,"href":"https:\/\/streetmarkets.fr\/app\/wp-json\/wp\/v2\/product_tag?post=730001"}],"curies":[{"name":"wp","href":"https:\/\/api.w.org\/{rel}","templated":true}]}}