{"id":729894,"date":"2024-10-16T16:46:58","date_gmt":"2024-10-16T14:46:58","guid":{"rendered":"https:\/\/streetmarkets.fr\/app\/produit\/mariniere-darkness-leaden-grey-mixte\/"},"modified":"2026-05-14T00:42:45","modified_gmt":"2026-05-13T22:42:45","slug":"mariniere-darkness-leaden-grey-mixte","status":"publish","type":"product","link":"https:\/\/streetmarkets.fr\/app\/produit\/mariniere-darkness-leaden-grey-mixte\/","title":{"rendered":"Marini\u00e8re Darkness \/ Leaden Grey, mixte"},"content":{"rendered":"<p>La marini\u00e8re authentique coton lourd de la marque historique Orcival se d\u00e9cline ici dans une version monochrome.<\/p>\n<p>La marini\u00e8re authentique Darkness \/ Leaden Grey en coton lourd.\u00a0<\/p>\n<p>La marini\u00e8re authentique coton lourd de la marque historique Orcival se d\u00e9cline ici dans une version monochrome. Dans les tons gris noir cette marini\u00e8re se marie avec tout votre vestiaire facilement. Elle vous suivra partout au rythme des saisons et pour de nombreuses ann\u00e9es. Mode durable depuis son origine la marini\u00e8re et surtout la marini\u00e8re Orcival est faite pour durer. Autrement v\u00eatement de travail du marin la v\u00e9ritable marini\u00e8re se garde et traverse le temps pour le plus grand plaisir des amoureux des beaux produits.\u00a0<\/p>\n<p>Elle r\u00e9pond \u00e0 des caract\u00e9ristiques pr\u00e9cises :<\/p>\n<p>&#8211; Le col bateau<\/p>\n<p>&#8211; L&#8217;\u00e9cusson abeille<\/p>\n<p>&#8211; 100% coton lourd<\/p>\n<p>&#8211; Fabrication fran\u00e7aise<\/p>\n<p>&#8211; Coupe droite qui ne visse pas<\/p><\/p>\n","protected":false},"excerpt":{"rendered":"<p>La marini\u00e8re authentique coton lourd de la marque historique Orcival se d\u00e9cline ici dans une version monochrome. La marini\u00e8re authentique Darkness \/ Leaden Grey en coton lourd.\u00a0 La marini\u00e8re authentique coton lourd de la marque historique Orcival se d\u00e9cline ici dans une version monochrome. Dans les tons gris noir cette marini\u00e8re se marie avec tout [&hellip;]<\/p>\n","protected":false},"featured_media":729895,"comment_status":"open","ping_status":"closed","template":"","meta":[],"product_brand":[],"product_cat":[1756,1762],"product_tag":[1810,1811],"acf":[],"_links":{"self":[{"href":"https:\/\/streetmarkets.fr\/app\/wp-json\/wp\/v2\/product\/729894"}],"collection":[{"href":"https:\/\/streetmarkets.fr\/app\/wp-json\/wp\/v2\/product"}],"about":[{"href":"https:\/\/streetmarkets.fr\/app\/wp-json\/wp\/v2\/types\/product"}],"replies":[{"embeddable":true,"href":"https:\/\/streetmarkets.fr\/app\/wp-json\/wp\/v2\/comments?post=729894"}],"wp:featuredmedia":[{"embeddable":true,"href":"https:\/\/streetmarkets.fr\/app\/wp-json\/wp\/v2\/media\/729895"}],"wp:attachment":[{"href":"https:\/\/streetmarkets.fr\/app\/wp-json\/wp\/v2\/media?parent=729894"}],"wp:term":[{"taxonomy":"product_brand","embeddable":true,"href":"https:\/\/streetmarkets.fr\/app\/wp-json\/wp\/v2\/product_brand?post=729894"},{"taxonomy":"product_cat","embeddable":true,"href":"https:\/\/streetmarkets.fr\/app\/wp-json\/wp\/v2\/product_cat?post=729894"},{"taxonomy":"product_tag","embeddable":true,"href":"https:\/\/streetmarkets.fr\/app\/wp-json\/wp\/v2\/product_tag?post=729894"}],"curies":[{"name":"wp","href":"https:\/\/api.w.org\/{rel}","templated":true}]}}