{"id":729864,"date":"2024-10-16T16:46:55","date_gmt":"2024-10-16T14:46:55","guid":{"rendered":"https:\/\/streetmarkets.fr\/app\/produit\/mariniere-ecru-amiral-anthracite-mixte\/"},"modified":"2026-05-12T00:42:52","modified_gmt":"2026-05-11T22:42:52","slug":"mariniere-ecru-amiral-anthracite-mixte","status":"publish","type":"product","link":"https:\/\/streetmarkets.fr\/app\/produit\/mariniere-ecru-amiral-anthracite-mixte\/","title":{"rendered":"Marini\u00e8re \u00c9cru \/ Amiral \/ Anthracite, mixte"},"content":{"rendered":"<p>Une marini\u00e8re tricolore, originale et iconique la vraie marini\u00e8re fran\u00e7aise se d\u00e9cline facilement dans de nombreux coloris.<\/p>\n<p>La marini\u00e8re authentique Ecru \/ Amiral \/ Anthracite en coton lourd.<\/p>\n<p>Une marini\u00e8re tricolore, originale et iconique la vraie marini\u00e8re fran\u00e7aise se d\u00e9cline facilement dans de nombreux coloris.\u00a0<\/p>\n<p>Chic et \u00e9l\u00e9gante cette marini\u00e8re mixte conviendra \u00e0 tous et \u00e0 toutes. H\u00e9riti\u00e8res d&#8217;une longue histoire, les marini\u00e8res Orcival font partie du patrimoine fran\u00e7ais. Faites pour durer depuis notre fondation en 1939 nos marini\u00e8res restent intemporelles et iconiques.\u00a0<\/p>\n<p>Les caract\u00e9ristiques :\u00a0<\/p>\n<p>&#8211; L&#8217;\u00e9cusson avec notre abeille f\u00e9tiche<\/p>\n<p>&#8211; Le col bateau<\/p>\n<p>&#8211; Le 100% coton lourd<\/p>\n<p>&#8211; La fabrication fran\u00e7aise<\/p>\n<p>&#8211; La coupe droite qui ne visse pas<\/p><\/p>\n","protected":false},"excerpt":{"rendered":"<p>Une marini\u00e8re tricolore, originale et iconique la vraie marini\u00e8re fran\u00e7aise se d\u00e9cline facilement dans de nombreux coloris. La marini\u00e8re authentique Ecru \/ Amiral \/ Anthracite en coton lourd. Une marini\u00e8re tricolore, originale et iconique la vraie marini\u00e8re fran\u00e7aise se d\u00e9cline facilement dans de nombreux coloris.\u00a0 Chic et \u00e9l\u00e9gante cette marini\u00e8re mixte conviendra \u00e0 tous et [&hellip;]<\/p>\n","protected":false},"featured_media":729865,"comment_status":"open","ping_status":"closed","template":"","meta":[],"product_brand":[],"product_cat":[1756,1762],"product_tag":[1810,1811],"acf":[],"_links":{"self":[{"href":"https:\/\/streetmarkets.fr\/app\/wp-json\/wp\/v2\/product\/729864"}],"collection":[{"href":"https:\/\/streetmarkets.fr\/app\/wp-json\/wp\/v2\/product"}],"about":[{"href":"https:\/\/streetmarkets.fr\/app\/wp-json\/wp\/v2\/types\/product"}],"replies":[{"embeddable":true,"href":"https:\/\/streetmarkets.fr\/app\/wp-json\/wp\/v2\/comments?post=729864"}],"wp:featuredmedia":[{"embeddable":true,"href":"https:\/\/streetmarkets.fr\/app\/wp-json\/wp\/v2\/media\/729865"}],"wp:attachment":[{"href":"https:\/\/streetmarkets.fr\/app\/wp-json\/wp\/v2\/media?parent=729864"}],"wp:term":[{"taxonomy":"product_brand","embeddable":true,"href":"https:\/\/streetmarkets.fr\/app\/wp-json\/wp\/v2\/product_brand?post=729864"},{"taxonomy":"product_cat","embeddable":true,"href":"https:\/\/streetmarkets.fr\/app\/wp-json\/wp\/v2\/product_cat?post=729864"},{"taxonomy":"product_tag","embeddable":true,"href":"https:\/\/streetmarkets.fr\/app\/wp-json\/wp\/v2\/product_tag?post=729864"}],"curies":[{"name":"wp","href":"https:\/\/api.w.org\/{rel}","templated":true}]}}