{"id":729786,"date":"2024-10-16T16:46:45","date_gmt":"2024-10-16T14:46:45","guid":{"rendered":"https:\/\/streetmarkets.fr\/app\/produit\/mariniere-ecru-blanc-mixte\/"},"modified":"2026-04-23T00:42:42","modified_gmt":"2026-04-22T22:42:42","slug":"mariniere-ecru-blanc-mixte","status":"publish","type":"product","link":"https:\/\/streetmarkets.fr\/app\/produit\/mariniere-ecru-blanc-mixte\/","title":{"rendered":"Marini\u00e8re Ecru \/ Blanc, mixte"},"content":{"rendered":"<p>Marini\u00e8re tr\u00e8s lumineuse et solaire, le tshirt Ecru \/ Blanc est tr\u00e8s agr\u00e9able en \u00e9t\u00e9. Les tons clairs vous permettront d&#8217;avoir moins chaud au soleil, et les rayures tr\u00e8s claires donneront un effet faux uni tout \u00e0 fait moderne.<\/p>\n<p>L&#8217;authentique marini\u00e8re Ecru \/ Blanc en coton lourd.\u00a0<\/p>\n<p>Marini\u00e8re tr\u00e8s lumineuse et solaire, le tshirt Ecru \/ Blanc est tr\u00e8s agr\u00e9able en \u00e9t\u00e9. Les tons clairs vous permettront d&#8217;avoir moins chaud au soleil, et les rayures tr\u00e8s claires donneront un effet faux uni tout \u00e0 fait moderne.<\/p>\n<p>Confortable et iconique, voil\u00e0 comme on peut d\u00e9crire la marini\u00e8re Orcival, qui ne cesse de maintenir sa production en France depuis sa fondation et qui respectent toujours les m\u00eames codes :\u00a0<\/p>\n<p>&#8211; Ecusson abeille<\/p>\n<p>&#8211; Col bateau<\/p>\n<p>&#8211; Coupe droite<\/p>\n<p>&#8211; 100% coton lourd<\/p>\n<p>&#8211; Fabrication fran\u00e7aise<\/p><\/p>\n","protected":false},"excerpt":{"rendered":"<p>Marini\u00e8re tr\u00e8s lumineuse et solaire, le tshirt Ecru \/ Blanc est tr\u00e8s agr\u00e9able en \u00e9t\u00e9. Les tons clairs vous permettront d&#8217;avoir moins chaud au soleil, et les rayures tr\u00e8s claires donneront un effet faux uni tout \u00e0 fait moderne. L&#8217;authentique marini\u00e8re Ecru \/ Blanc en coton lourd.\u00a0 Marini\u00e8re tr\u00e8s lumineuse et solaire, le tshirt Ecru [&hellip;]<\/p>\n","protected":false},"featured_media":729787,"comment_status":"open","ping_status":"closed","template":"","meta":[],"product_brand":[],"product_cat":[1756,1762],"product_tag":[1810,1811],"acf":[],"_links":{"self":[{"href":"https:\/\/streetmarkets.fr\/app\/wp-json\/wp\/v2\/product\/729786"}],"collection":[{"href":"https:\/\/streetmarkets.fr\/app\/wp-json\/wp\/v2\/product"}],"about":[{"href":"https:\/\/streetmarkets.fr\/app\/wp-json\/wp\/v2\/types\/product"}],"replies":[{"embeddable":true,"href":"https:\/\/streetmarkets.fr\/app\/wp-json\/wp\/v2\/comments?post=729786"}],"wp:featuredmedia":[{"embeddable":true,"href":"https:\/\/streetmarkets.fr\/app\/wp-json\/wp\/v2\/media\/729787"}],"wp:attachment":[{"href":"https:\/\/streetmarkets.fr\/app\/wp-json\/wp\/v2\/media?parent=729786"}],"wp:term":[{"taxonomy":"product_brand","embeddable":true,"href":"https:\/\/streetmarkets.fr\/app\/wp-json\/wp\/v2\/product_brand?post=729786"},{"taxonomy":"product_cat","embeddable":true,"href":"https:\/\/streetmarkets.fr\/app\/wp-json\/wp\/v2\/product_cat?post=729786"},{"taxonomy":"product_tag","embeddable":true,"href":"https:\/\/streetmarkets.fr\/app\/wp-json\/wp\/v2\/product_tag?post=729786"}],"curies":[{"name":"wp","href":"https:\/\/api.w.org\/{rel}","templated":true}]}}