{"id":729600,"date":"2024-10-16T16:46:21","date_gmt":"2024-10-16T14:46:21","guid":{"rendered":"https:\/\/streetmarkets.fr\/app\/produit\/mariniere-ecru-indigo-rouge-mixte\/"},"modified":"2026-05-09T00:42:31","modified_gmt":"2026-05-08T22:42:31","slug":"mariniere-ecru-indigo-rouge-mixte","status":"publish","type":"product","link":"https:\/\/streetmarkets.fr\/app\/produit\/mariniere-ecru-indigo-rouge-mixte\/","title":{"rendered":"Marini\u00e8re Ecru \/ Indigo \/ Rouge, mixte"},"content":{"rendered":"<p>La marini\u00e8re authentique Orcival tricolore en coton lourd.\u00a0<\/p>\n<p>LA parfaite marini\u00e8re authentiquement fran\u00e7aise.\u00a0<\/p>\n<p>Toujours dans le tissu iconique 100% coton lourd de la manufacture Orcival, cette marini\u00e8re tricolore \u00e9cru \/ bleu \/ rouge vous fera porter haut les couleurs du made in France.<\/p>\n<\/p>\n<p><span style=\"text-align:justify\">Orcival.com, site officiel de la marque Orcival et de ses marini\u00e8res, fabricant fran\u00e7ais depuis 1939. Orcival est une marque authentique, avec une histoire de plusieurs d\u00e9cennies, un engagement \u00e0 d\u00e9fendre un savoir-faire et une qualit\u00e9 \u00e9lev\u00e9e, une volont\u00e9 de p\u00e9renniser la fabrication en France d&#8217;articles intemporels, originaux, si ancr\u00e9s dans notre culture qu&#8217;ils font partie int\u00e9grante de notre patrimoine.<\/span><\/p>\n","protected":false},"excerpt":{"rendered":"<p>La marini\u00e8re authentique Orcival tricolore en coton lourd.\u00a0 LA parfaite marini\u00e8re authentiquement fran\u00e7aise.\u00a0 Toujours dans le tissu iconique 100% coton lourd de la manufacture Orcival, cette marini\u00e8re tricolore \u00e9cru \/ bleu \/ rouge vous fera porter haut les couleurs du made in France. Orcival.com, site officiel de la marque Orcival et de ses marini\u00e8res, fabricant [&hellip;]<\/p>\n","protected":false},"featured_media":729601,"comment_status":"open","ping_status":"closed","template":"","meta":[],"product_brand":[],"product_cat":[1756,1762,1758],"product_tag":[1810],"acf":[],"_links":{"self":[{"href":"https:\/\/streetmarkets.fr\/app\/wp-json\/wp\/v2\/product\/729600"}],"collection":[{"href":"https:\/\/streetmarkets.fr\/app\/wp-json\/wp\/v2\/product"}],"about":[{"href":"https:\/\/streetmarkets.fr\/app\/wp-json\/wp\/v2\/types\/product"}],"replies":[{"embeddable":true,"href":"https:\/\/streetmarkets.fr\/app\/wp-json\/wp\/v2\/comments?post=729600"}],"wp:featuredmedia":[{"embeddable":true,"href":"https:\/\/streetmarkets.fr\/app\/wp-json\/wp\/v2\/media\/729601"}],"wp:attachment":[{"href":"https:\/\/streetmarkets.fr\/app\/wp-json\/wp\/v2\/media?parent=729600"}],"wp:term":[{"taxonomy":"product_brand","embeddable":true,"href":"https:\/\/streetmarkets.fr\/app\/wp-json\/wp\/v2\/product_brand?post=729600"},{"taxonomy":"product_cat","embeddable":true,"href":"https:\/\/streetmarkets.fr\/app\/wp-json\/wp\/v2\/product_cat?post=729600"},{"taxonomy":"product_tag","embeddable":true,"href":"https:\/\/streetmarkets.fr\/app\/wp-json\/wp\/v2\/product_tag?post=729600"}],"curies":[{"name":"wp","href":"https:\/\/api.w.org\/{rel}","templated":true}]}}