{"id":728727,"date":"2024-10-16T05:21:53","date_gmt":"2024-10-16T03:21:53","guid":{"rendered":"https:\/\/streetmarkets.fr\/app\/produit\/chemise-groovy-rose\/"},"modified":"2026-04-24T05:21:47","modified_gmt":"2026-04-24T03:21:47","slug":"chemise-groovy-rose","status":"publish","type":"product","link":"https:\/\/streetmarkets.fr\/app\/produit\/chemise-groovy-rose\/","title":{"rendered":"Chemise GROOVY rose"},"content":{"rendered":"<p>Chemise en crepe de viscose imprim\u00e9e. tomb\u00e9 fluide<br \/>\nFinitions passepoil et boutons ivoire.<br \/>\nPetites fronces aux \u00e9paules et dans le haut du dos.<br \/>\nManche finies d&#8217;un bord cote bleu.<br \/>\nModele qui taille g\u00e9n\u00e9reusement. <\/p>\n<p>Prix 174\u20ac -50%= 87\u20ac<\/p>\n","protected":false},"excerpt":{"rendered":"<p>Chemise en crepe de viscose imprim\u00e9e. tomb\u00e9 fluide Finitions passepoil et boutons ivoire. Petites fronces aux \u00e9paules et dans le haut du dos. Manche finies d&#8217;un bord cote bleu. Modele qui taille g\u00e9n\u00e9reusement. Prix 174\u20ac -50%= 87\u20ac<\/p>\n","protected":false},"featured_media":728728,"comment_status":"open","ping_status":"closed","template":"","meta":[],"product_brand":[1310],"product_cat":[1756,1762],"product_tag":[1813],"acf":[],"_links":{"self":[{"href":"https:\/\/streetmarkets.fr\/app\/wp-json\/wp\/v2\/product\/728727"}],"collection":[{"href":"https:\/\/streetmarkets.fr\/app\/wp-json\/wp\/v2\/product"}],"about":[{"href":"https:\/\/streetmarkets.fr\/app\/wp-json\/wp\/v2\/types\/product"}],"replies":[{"embeddable":true,"href":"https:\/\/streetmarkets.fr\/app\/wp-json\/wp\/v2\/comments?post=728727"}],"wp:featuredmedia":[{"embeddable":true,"href":"https:\/\/streetmarkets.fr\/app\/wp-json\/wp\/v2\/media\/728728"}],"wp:attachment":[{"href":"https:\/\/streetmarkets.fr\/app\/wp-json\/wp\/v2\/media?parent=728727"}],"wp:term":[{"taxonomy":"product_brand","embeddable":true,"href":"https:\/\/streetmarkets.fr\/app\/wp-json\/wp\/v2\/product_brand?post=728727"},{"taxonomy":"product_cat","embeddable":true,"href":"https:\/\/streetmarkets.fr\/app\/wp-json\/wp\/v2\/product_cat?post=728727"},{"taxonomy":"product_tag","embeddable":true,"href":"https:\/\/streetmarkets.fr\/app\/wp-json\/wp\/v2\/product_tag?post=728727"}],"curies":[{"name":"wp","href":"https:\/\/api.w.org\/{rel}","templated":true}]}}