{"id":726488,"date":"2024-10-15T18:32:59","date_gmt":"2024-10-15T16:32:59","guid":{"rendered":"https:\/\/streetmarkets.fr\/app\/produit\/parapluie-canard-menthe\/"},"modified":"2026-04-22T01:13:47","modified_gmt":"2026-04-21T23:13:47","slug":"parapluie-canard-menthe","status":"publish","type":"product","link":"https:\/\/streetmarkets.fr\/app\/produit\/parapluie-canard-menthe\/","title":{"rendered":"Parapluie Canard Menthe"},"content":{"rendered":"<h4><a href=\"https:\/\/frenchtouche.com\/collections\/original-duckhead\" title=\"Collection Original Duckhead\">Collection Original Duckhead<\/a><\/h4>\n<p>De quoi \u00e9gayer les jours de pluie !<\/p>\n<ul>\n<li>Con\u00e7u pour r\u00e9sister au vent<\/li>\n<li>Bouton d&#8217;ouverture automatique<\/li>\n<li>Tissu imperm\u00e9able au s\u00e9chage rapide<\/li>\n<li>Mat\u00e9riaux : tissu, bois certifi\u00e9 FSC, acier haute r\u00e9sistance, aluminium et fibre de verre<\/li>\n<li>Tissu durable fabriqu\u00e9 \u00e0 100% \u00e0 partir de PET recycl\u00e9 (une toile est constitu\u00e9e de 9 bouteilles en plastique recycl\u00e9es post-consommation)<\/li>\n<li>Dimensions : Dans son \u00e9tui : 35 cm \/ Parapluie ouvert : L 56 x l 113 cm<\/li>\n<\/ul>\n","protected":false},"excerpt":{"rendered":"<p>Collection Original Duckhead De quoi \u00e9gayer les jours de pluie ! Con\u00e7u pour r\u00e9sister au vent Bouton d&#8217;ouverture automatique Tissu imperm\u00e9able au s\u00e9chage rapide Mat\u00e9riaux : tissu, bois certifi\u00e9 FSC, acier haute r\u00e9sistance, aluminium et fibre de verre Tissu durable fabriqu\u00e9 \u00e0 100% \u00e0 partir de PET recycl\u00e9 (une toile est constitu\u00e9e de 9 bouteilles [&hellip;]<\/p>\n","protected":false},"featured_media":726489,"comment_status":"open","ping_status":"closed","template":"","meta":[],"product_brand":[],"product_cat":[1756,1764],"product_tag":[2244],"acf":[],"_links":{"self":[{"href":"https:\/\/streetmarkets.fr\/app\/wp-json\/wp\/v2\/product\/726488"}],"collection":[{"href":"https:\/\/streetmarkets.fr\/app\/wp-json\/wp\/v2\/product"}],"about":[{"href":"https:\/\/streetmarkets.fr\/app\/wp-json\/wp\/v2\/types\/product"}],"replies":[{"embeddable":true,"href":"https:\/\/streetmarkets.fr\/app\/wp-json\/wp\/v2\/comments?post=726488"}],"wp:featuredmedia":[{"embeddable":true,"href":"https:\/\/streetmarkets.fr\/app\/wp-json\/wp\/v2\/media\/726489"}],"wp:attachment":[{"href":"https:\/\/streetmarkets.fr\/app\/wp-json\/wp\/v2\/media?parent=726488"}],"wp:term":[{"taxonomy":"product_brand","embeddable":true,"href":"https:\/\/streetmarkets.fr\/app\/wp-json\/wp\/v2\/product_brand?post=726488"},{"taxonomy":"product_cat","embeddable":true,"href":"https:\/\/streetmarkets.fr\/app\/wp-json\/wp\/v2\/product_cat?post=726488"},{"taxonomy":"product_tag","embeddable":true,"href":"https:\/\/streetmarkets.fr\/app\/wp-json\/wp\/v2\/product_tag?post=726488"}],"curies":[{"name":"wp","href":"https:\/\/api.w.org\/{rel}","templated":true}]}}