{"id":721590,"date":"2024-10-15T18:19:28","date_gmt":"2024-10-15T16:19:28","guid":{"rendered":"https:\/\/streetmarkets.fr\/app\/produit\/compania-fantastica-top-bleu-imprime-a-pois\/"},"modified":"2024-10-15T18:20:13","modified_gmt":"2024-10-15T16:20:13","slug":"compania-fantastica-top-bleu-imprime-a-pois","status":"publish","type":"product","link":"https:\/\/streetmarkets.fr\/app\/produit\/compania-fantastica-top-bleu-imprime-a-pois\/","title":{"rendered":"COMPANIA FANTASTICA &#8211; Top bleu imprim\u00e9 \u00e0 pois"},"content":{"rendered":"<p>Top en voile de coton imprim\u00e9 \u00e0 pois bleus. Avec encolure en V et manches fran\u00e7aises termin\u00e9es par \u00e9lastique.<\/p>\n<p>COMPOSITION : 100% Coton<\/p>\n","protected":false},"excerpt":{"rendered":"<p>Top en voile de coton imprim\u00e9 \u00e0 pois bleus. Avec encolure en V et manches fran\u00e7aises termin\u00e9es par \u00e9lastique. COMPOSITION : 100% Coton<\/p>\n","protected":false},"featured_media":721591,"comment_status":"open","ping_status":"closed","template":"","meta":[],"product_brand":[],"product_cat":[1756,1762],"product_tag":[],"acf":[],"_links":{"self":[{"href":"https:\/\/streetmarkets.fr\/app\/wp-json\/wp\/v2\/product\/721590"}],"collection":[{"href":"https:\/\/streetmarkets.fr\/app\/wp-json\/wp\/v2\/product"}],"about":[{"href":"https:\/\/streetmarkets.fr\/app\/wp-json\/wp\/v2\/types\/product"}],"replies":[{"embeddable":true,"href":"https:\/\/streetmarkets.fr\/app\/wp-json\/wp\/v2\/comments?post=721590"}],"wp:featuredmedia":[{"embeddable":true,"href":"https:\/\/streetmarkets.fr\/app\/wp-json\/wp\/v2\/media\/721591"}],"wp:attachment":[{"href":"https:\/\/streetmarkets.fr\/app\/wp-json\/wp\/v2\/media?parent=721590"}],"wp:term":[{"taxonomy":"product_brand","embeddable":true,"href":"https:\/\/streetmarkets.fr\/app\/wp-json\/wp\/v2\/product_brand?post=721590"},{"taxonomy":"product_cat","embeddable":true,"href":"https:\/\/streetmarkets.fr\/app\/wp-json\/wp\/v2\/product_cat?post=721590"},{"taxonomy":"product_tag","embeddable":true,"href":"https:\/\/streetmarkets.fr\/app\/wp-json\/wp\/v2\/product_tag?post=721590"}],"curies":[{"name":"wp","href":"https:\/\/api.w.org\/{rel}","templated":true}]}}