{"id":721577,"date":"2024-10-15T18:19:27","date_gmt":"2024-10-15T16:19:27","guid":{"rendered":"https:\/\/streetmarkets.fr\/app\/produit\/compania-fantastica-haut-fleuri-jacaranda\/"},"modified":"2024-10-15T18:20:13","modified_gmt":"2024-10-15T16:20:13","slug":"compania-fantastica-haut-fleuri-jacaranda","status":"publish","type":"product","link":"https:\/\/streetmarkets.fr\/app\/produit\/compania-fantastica-haut-fleuri-jacaranda\/","title":{"rendered":"COMPANIA FANTASTICA &#8211; Haut fleuri Jacaranda"},"content":{"rendered":"<p>Haut \u00e0 imprim\u00e9 floral Jacaranda. Avec \u00e9paules nues et manches longues. Mod\u00e8le avec \u00e9lastique au cou, \u00e0 la base et aux poignets.<\/p>\n<p>COMPOSICI\u00d3N: 100% Viscosa<\/p>\n","protected":false},"excerpt":{"rendered":"<p>Haut \u00e0 imprim\u00e9 floral Jacaranda. Avec \u00e9paules nues et manches longues. Mod\u00e8le avec \u00e9lastique au cou, \u00e0 la base et aux poignets. COMPOSICI\u00d3N: 100% Viscosa<\/p>\n","protected":false},"featured_media":721578,"comment_status":"open","ping_status":"closed","template":"","meta":[],"product_brand":[],"product_cat":[1756,1762],"product_tag":[],"acf":[],"_links":{"self":[{"href":"https:\/\/streetmarkets.fr\/app\/wp-json\/wp\/v2\/product\/721577"}],"collection":[{"href":"https:\/\/streetmarkets.fr\/app\/wp-json\/wp\/v2\/product"}],"about":[{"href":"https:\/\/streetmarkets.fr\/app\/wp-json\/wp\/v2\/types\/product"}],"replies":[{"embeddable":true,"href":"https:\/\/streetmarkets.fr\/app\/wp-json\/wp\/v2\/comments?post=721577"}],"wp:featuredmedia":[{"embeddable":true,"href":"https:\/\/streetmarkets.fr\/app\/wp-json\/wp\/v2\/media\/721578"}],"wp:attachment":[{"href":"https:\/\/streetmarkets.fr\/app\/wp-json\/wp\/v2\/media?parent=721577"}],"wp:term":[{"taxonomy":"product_brand","embeddable":true,"href":"https:\/\/streetmarkets.fr\/app\/wp-json\/wp\/v2\/product_brand?post=721577"},{"taxonomy":"product_cat","embeddable":true,"href":"https:\/\/streetmarkets.fr\/app\/wp-json\/wp\/v2\/product_cat?post=721577"},{"taxonomy":"product_tag","embeddable":true,"href":"https:\/\/streetmarkets.fr\/app\/wp-json\/wp\/v2\/product_tag?post=721577"}],"curies":[{"name":"wp","href":"https:\/\/api.w.org\/{rel}","templated":true}]}}