{"id":721551,"date":"2024-10-15T18:19:26","date_gmt":"2024-10-15T16:19:26","guid":{"rendered":"https:\/\/streetmarkets.fr\/app\/produit\/compania-fantastica-chemise-oversize-lunaire-bleue\/"},"modified":"2024-10-15T18:20:12","modified_gmt":"2024-10-15T16:20:12","slug":"compania-fantastica-chemise-oversize-lunaire-bleue","status":"publish","type":"product","link":"https:\/\/streetmarkets.fr\/app\/produit\/compania-fantastica-chemise-oversize-lunaire-bleue\/","title":{"rendered":"COMPANIA FANTASTICA &#8211; Chemise oversize lunaire bleue"},"content":{"rendered":"<p>Chemise large en voile de coton imprim\u00e9 \u00e0 pois bleus. Avec col \u00e0 revers et manches longues termin\u00e9es par poignets et boutons.<\/p>\n","protected":false},"excerpt":{"rendered":"<p>Chemise large en voile de coton imprim\u00e9 \u00e0 pois bleus. Avec col \u00e0 revers et manches longues termin\u00e9es par poignets et boutons.<\/p>\n","protected":false},"featured_media":721552,"comment_status":"open","ping_status":"closed","template":"","meta":[],"product_brand":[],"product_cat":[1756,1762],"product_tag":[],"acf":[],"_links":{"self":[{"href":"https:\/\/streetmarkets.fr\/app\/wp-json\/wp\/v2\/product\/721551"}],"collection":[{"href":"https:\/\/streetmarkets.fr\/app\/wp-json\/wp\/v2\/product"}],"about":[{"href":"https:\/\/streetmarkets.fr\/app\/wp-json\/wp\/v2\/types\/product"}],"replies":[{"embeddable":true,"href":"https:\/\/streetmarkets.fr\/app\/wp-json\/wp\/v2\/comments?post=721551"}],"wp:featuredmedia":[{"embeddable":true,"href":"https:\/\/streetmarkets.fr\/app\/wp-json\/wp\/v2\/media\/721552"}],"wp:attachment":[{"href":"https:\/\/streetmarkets.fr\/app\/wp-json\/wp\/v2\/media?parent=721551"}],"wp:term":[{"taxonomy":"product_brand","embeddable":true,"href":"https:\/\/streetmarkets.fr\/app\/wp-json\/wp\/v2\/product_brand?post=721551"},{"taxonomy":"product_cat","embeddable":true,"href":"https:\/\/streetmarkets.fr\/app\/wp-json\/wp\/v2\/product_cat?post=721551"},{"taxonomy":"product_tag","embeddable":true,"href":"https:\/\/streetmarkets.fr\/app\/wp-json\/wp\/v2\/product_tag?post=721551"}],"curies":[{"name":"wp","href":"https:\/\/api.w.org\/{rel}","templated":true}]}}