{"id":721014,"date":"2024-10-15T18:18:40","date_gmt":"2024-10-15T16:18:40","guid":{"rendered":"https:\/\/streetmarkets.fr\/app\/produit\/compania-fantastica-robe-chemise-longue-imprime-corail\/"},"modified":"2024-10-15T18:19:18","modified_gmt":"2024-10-15T16:19:18","slug":"compania-fantastica-robe-chemise-longue-imprime-corail","status":"publish","type":"product","link":"https:\/\/streetmarkets.fr\/app\/produit\/compania-fantastica-robe-chemise-longue-imprime-corail\/","title":{"rendered":"COMPANIA FANTASTICA &#8211; Robe chemise longue imprim\u00e9 corail"},"content":{"rendered":"<p>Robe chemise longue imprim\u00e9 Corail. Avec col \u00e0 revers et sans manches. Fermeture avant avec boutons et ceinture.<\/p>\n<p>COMPOSITION : 100% Viscose.<\/p>\n","protected":false},"excerpt":{"rendered":"<p>Robe chemise longue imprim\u00e9 Corail. Avec col \u00e0 revers et sans manches. Fermeture avant avec boutons et ceinture. COMPOSITION : 100% Viscose.<\/p>\n","protected":false},"featured_media":721015,"comment_status":"open","ping_status":"closed","template":"","meta":[],"product_brand":[],"product_cat":[1756,1758],"product_tag":[],"acf":[],"_links":{"self":[{"href":"https:\/\/streetmarkets.fr\/app\/wp-json\/wp\/v2\/product\/721014"}],"collection":[{"href":"https:\/\/streetmarkets.fr\/app\/wp-json\/wp\/v2\/product"}],"about":[{"href":"https:\/\/streetmarkets.fr\/app\/wp-json\/wp\/v2\/types\/product"}],"replies":[{"embeddable":true,"href":"https:\/\/streetmarkets.fr\/app\/wp-json\/wp\/v2\/comments?post=721014"}],"wp:featuredmedia":[{"embeddable":true,"href":"https:\/\/streetmarkets.fr\/app\/wp-json\/wp\/v2\/media\/721015"}],"wp:attachment":[{"href":"https:\/\/streetmarkets.fr\/app\/wp-json\/wp\/v2\/media?parent=721014"}],"wp:term":[{"taxonomy":"product_brand","embeddable":true,"href":"https:\/\/streetmarkets.fr\/app\/wp-json\/wp\/v2\/product_brand?post=721014"},{"taxonomy":"product_cat","embeddable":true,"href":"https:\/\/streetmarkets.fr\/app\/wp-json\/wp\/v2\/product_cat?post=721014"},{"taxonomy":"product_tag","embeddable":true,"href":"https:\/\/streetmarkets.fr\/app\/wp-json\/wp\/v2\/product_tag?post=721014"}],"curies":[{"name":"wp","href":"https:\/\/api.w.org\/{rel}","templated":true}]}}