{"id":720867,"date":"2024-10-15T18:18:32","date_gmt":"2024-10-15T16:18:32","guid":{"rendered":"https:\/\/streetmarkets.fr\/app\/produit\/compania-fantastica-pull-col-v-rouge\/"},"modified":"2024-10-15T18:19:17","modified_gmt":"2024-10-15T16:19:17","slug":"compania-fantastica-pull-col-v-rouge","status":"publish","type":"product","link":"https:\/\/streetmarkets.fr\/app\/produit\/compania-fantastica-pull-col-v-rouge\/","title":{"rendered":"COMPANIA FANTASTICA &#8211; Pull col V rouge"},"content":{"rendered":"<p>Pull tricot\u00e9 vert. Avec un col en V et des manches courtes avec du volume. D\u00e9tail des finitions nervur\u00e9es. Le mannequin mesure 177 cm et porte une taille S<\/p>\n<p>41C\/10220\/2S0<\/p>\n<p>COMPOSITION : 89% Acrylique 11% Polyamide.<\/p>\n","protected":false},"excerpt":{"rendered":"<p>Pull tricot\u00e9 vert. Avec un col en V et des manches courtes avec du volume. D\u00e9tail des finitions nervur\u00e9es. Le mannequin mesure 177 cm et porte une taille S 41C\/10220\/2S0 COMPOSITION : 89% Acrylique 11% Polyamide.<\/p>\n","protected":false},"featured_media":720868,"comment_status":"open","ping_status":"closed","template":"","meta":[],"product_brand":[],"product_cat":[1756,1758],"product_tag":[],"acf":[],"_links":{"self":[{"href":"https:\/\/streetmarkets.fr\/app\/wp-json\/wp\/v2\/product\/720867"}],"collection":[{"href":"https:\/\/streetmarkets.fr\/app\/wp-json\/wp\/v2\/product"}],"about":[{"href":"https:\/\/streetmarkets.fr\/app\/wp-json\/wp\/v2\/types\/product"}],"replies":[{"embeddable":true,"href":"https:\/\/streetmarkets.fr\/app\/wp-json\/wp\/v2\/comments?post=720867"}],"wp:featuredmedia":[{"embeddable":true,"href":"https:\/\/streetmarkets.fr\/app\/wp-json\/wp\/v2\/media\/720868"}],"wp:attachment":[{"href":"https:\/\/streetmarkets.fr\/app\/wp-json\/wp\/v2\/media?parent=720867"}],"wp:term":[{"taxonomy":"product_brand","embeddable":true,"href":"https:\/\/streetmarkets.fr\/app\/wp-json\/wp\/v2\/product_brand?post=720867"},{"taxonomy":"product_cat","embeddable":true,"href":"https:\/\/streetmarkets.fr\/app\/wp-json\/wp\/v2\/product_cat?post=720867"},{"taxonomy":"product_tag","embeddable":true,"href":"https:\/\/streetmarkets.fr\/app\/wp-json\/wp\/v2\/product_tag?post=720867"}],"curies":[{"name":"wp","href":"https:\/\/api.w.org\/{rel}","templated":true}]}}