{"id":720350,"date":"2024-10-15T18:17:42","date_gmt":"2024-10-15T16:17:42","guid":{"rendered":"https:\/\/streetmarkets.fr\/app\/produit\/jupe-midi-en-viscose-a-imprime-epis-de-mais-en-lenzing-ecovero\/"},"modified":"2024-10-15T18:18:18","modified_gmt":"2024-10-15T16:18:18","slug":"jupe-midi-en-viscose-a-imprime-epis-de-mais-en-lenzing-ecovero","status":"publish","type":"product","link":"https:\/\/streetmarkets.fr\/app\/produit\/jupe-midi-en-viscose-a-imprime-epis-de-mais-en-lenzing-ecovero\/","title":{"rendered":"Jupe midi en viscose \u00e0 imprim\u00e9 \u00e9pis de ma\u00efs en LENZING\u2122 ECOVERO\u2122"},"content":{"rendered":"<p>Jupe midi en viscose en LENZING\u2122 ECOVERO\u2122 avec imprim\u00e9 ma\u00efs. Avec une taille \u00e9lastique de taille moyenne. Poches lat\u00e9rales. D\u00e9tail des ouvertures sur les c\u00f4t\u00e9s. Le mannequin mesure 176 cm et porte une taille S.<\/p>\n<p>COMPOSTION: 100% Viscose.<\/p>\n","protected":false},"excerpt":{"rendered":"<p>Jupe midi en viscose en LENZING\u2122 ECOVERO\u2122 avec imprim\u00e9 ma\u00efs. Avec une taille \u00e9lastique de taille moyenne. Poches lat\u00e9rales. D\u00e9tail des ouvertures sur les c\u00f4t\u00e9s. Le mannequin mesure 176 cm et porte une taille S. COMPOSTION: 100% Viscose.<\/p>\n","protected":false},"featured_media":720351,"comment_status":"open","ping_status":"closed","template":"","meta":[],"product_brand":[],"product_cat":[1756,1762],"product_tag":[1810],"acf":[],"_links":{"self":[{"href":"https:\/\/streetmarkets.fr\/app\/wp-json\/wp\/v2\/product\/720350"}],"collection":[{"href":"https:\/\/streetmarkets.fr\/app\/wp-json\/wp\/v2\/product"}],"about":[{"href":"https:\/\/streetmarkets.fr\/app\/wp-json\/wp\/v2\/types\/product"}],"replies":[{"embeddable":true,"href":"https:\/\/streetmarkets.fr\/app\/wp-json\/wp\/v2\/comments?post=720350"}],"wp:featuredmedia":[{"embeddable":true,"href":"https:\/\/streetmarkets.fr\/app\/wp-json\/wp\/v2\/media\/720351"}],"wp:attachment":[{"href":"https:\/\/streetmarkets.fr\/app\/wp-json\/wp\/v2\/media?parent=720350"}],"wp:term":[{"taxonomy":"product_brand","embeddable":true,"href":"https:\/\/streetmarkets.fr\/app\/wp-json\/wp\/v2\/product_brand?post=720350"},{"taxonomy":"product_cat","embeddable":true,"href":"https:\/\/streetmarkets.fr\/app\/wp-json\/wp\/v2\/product_cat?post=720350"},{"taxonomy":"product_tag","embeddable":true,"href":"https:\/\/streetmarkets.fr\/app\/wp-json\/wp\/v2\/product_tag?post=720350"}],"curies":[{"name":"wp","href":"https:\/\/api.w.org\/{rel}","templated":true}]}}