{"id":719761,"date":"2024-10-15T18:16:55","date_gmt":"2024-10-15T16:16:55","guid":{"rendered":"https:\/\/streetmarkets.fr\/app\/produit\/msch-chulla-waistcoat\/"},"modified":"2024-10-15T18:17:24","modified_gmt":"2024-10-15T16:17:24","slug":"msch-chulla-waistcoat","status":"publish","type":"product","link":"https:\/\/streetmarkets.fr\/app\/produit\/msch-chulla-waistcoat\/","title":{"rendered":"MSCH &#8211; CHUlla Waistcoat"},"content":{"rendered":"<p>MSCH INSPIR\u00c9 PAR<\/p>\n<p>@CILLEMOUSE<\/p>\n<p>Pour cette collection, nous nous sommes inspir\u00e9s de l&#8217;influenceuse et mannequin populaire Cecilie Haugaard, plus connue sous le nom de @cillemouse. Son style est un hommage \u00e0 l&#8217;\u00e9l\u00e9gance intemporelle et \u00e0 la finesse classique, c&#8217;est pr\u00e9cis\u00e9ment pourquoi nous l&#8217;avons choisie comme \u00e9g\u00e9rie. Notre envie de concevoir une collection aux accents scandinaves d&#8217;une qualit\u00e9 exquise s&#8217;est naturellement inscrite dans son univers \u00e9pur\u00e9 et sophistiqu\u00e9, faisant de notre collaboration un accord parfait.<\/p>\n<p>&nbsp;<\/p>\n<p>Gilet en satin<\/p>\n<p>Une pi\u00e8ce tendance inspir\u00e9e de la confection masculine dans une \u00e9dition boutonn\u00e9e sans manches. Rehaussez votre jean pr\u00e9f\u00e9r\u00e9 ou optez pour les lignes fines avec notre pantalon Ulla.<\/p>\n<p>&nbsp;<\/p>\n<p>Le mannequin mesure 175 cm et porte une taille S.<\/p>\n<p>&nbsp;<\/p>\n<p>-Composition<br \/>77% Viscose &amp; 23% Polyester<\/p>\n","protected":false},"excerpt":{"rendered":"<p>MSCH INSPIR\u00c9 PAR @CILLEMOUSE Pour cette collection, nous nous sommes inspir\u00e9s de l&#8217;influenceuse et mannequin populaire Cecilie Haugaard, plus connue sous le nom de @cillemouse. Son style est un hommage \u00e0 l&#8217;\u00e9l\u00e9gance intemporelle et \u00e0 la finesse classique, c&#8217;est pr\u00e9cis\u00e9ment pourquoi nous l&#8217;avons choisie comme \u00e9g\u00e9rie. Notre envie de concevoir une collection aux accents scandinaves [&hellip;]<\/p>\n","protected":false},"featured_media":719762,"comment_status":"open","ping_status":"closed","template":"","meta":[],"product_brand":[],"product_cat":[1756,1762],"product_tag":[],"acf":[],"_links":{"self":[{"href":"https:\/\/streetmarkets.fr\/app\/wp-json\/wp\/v2\/product\/719761"}],"collection":[{"href":"https:\/\/streetmarkets.fr\/app\/wp-json\/wp\/v2\/product"}],"about":[{"href":"https:\/\/streetmarkets.fr\/app\/wp-json\/wp\/v2\/types\/product"}],"replies":[{"embeddable":true,"href":"https:\/\/streetmarkets.fr\/app\/wp-json\/wp\/v2\/comments?post=719761"}],"wp:featuredmedia":[{"embeddable":true,"href":"https:\/\/streetmarkets.fr\/app\/wp-json\/wp\/v2\/media\/719762"}],"wp:attachment":[{"href":"https:\/\/streetmarkets.fr\/app\/wp-json\/wp\/v2\/media?parent=719761"}],"wp:term":[{"taxonomy":"product_brand","embeddable":true,"href":"https:\/\/streetmarkets.fr\/app\/wp-json\/wp\/v2\/product_brand?post=719761"},{"taxonomy":"product_cat","embeddable":true,"href":"https:\/\/streetmarkets.fr\/app\/wp-json\/wp\/v2\/product_cat?post=719761"},{"taxonomy":"product_tag","embeddable":true,"href":"https:\/\/streetmarkets.fr\/app\/wp-json\/wp\/v2\/product_tag?post=719761"}],"curies":[{"name":"wp","href":"https:\/\/api.w.org\/{rel}","templated":true}]}}