{"id":719547,"date":"2024-10-15T18:16:46","date_gmt":"2024-10-15T16:16:46","guid":{"rendered":"https:\/\/streetmarkets.fr\/app\/produit\/robe-midi-froissee-orange-dos-ouvert\/"},"modified":"2024-10-15T18:17:21","modified_gmt":"2024-10-15T16:17:21","slug":"robe-midi-froissee-orange-dos-ouvert","status":"publish","type":"product","link":"https:\/\/streetmarkets.fr\/app\/produit\/robe-midi-froissee-orange-dos-ouvert\/","title":{"rendered":"ROBE MIDI FROISS\u00c9E ORANGE DOS OUVERT"},"content":{"rendered":"<p>Robe midi en seersucker orange.<\/p>\n<p>Col droit et bretelles \u00e0 volants.<\/p>\n<p>Taille \u00e9lastiqu\u00e9e. Poches lat\u00e9rales.<\/p>\n<p>Dos ouvert avec n\u0153ud.<\/p>\n<p>Le mannequin mesure 177 cm et porte une taille S.<\/p>\n<p>COMPOSITION: 100% Cotton.<\/p>\n<p>&nbsp;<\/p>\n","protected":false},"excerpt":{"rendered":"<p>Robe midi en seersucker orange. Col droit et bretelles \u00e0 volants. Taille \u00e9lastiqu\u00e9e. Poches lat\u00e9rales. Dos ouvert avec n\u0153ud. Le mannequin mesure 177 cm et porte une taille S. COMPOSITION: 100% Cotton. &nbsp;<\/p>\n","protected":false},"featured_media":719548,"comment_status":"open","ping_status":"closed","template":"","meta":[],"product_brand":[],"product_cat":[1756,1762],"product_tag":[],"acf":[],"_links":{"self":[{"href":"https:\/\/streetmarkets.fr\/app\/wp-json\/wp\/v2\/product\/719547"}],"collection":[{"href":"https:\/\/streetmarkets.fr\/app\/wp-json\/wp\/v2\/product"}],"about":[{"href":"https:\/\/streetmarkets.fr\/app\/wp-json\/wp\/v2\/types\/product"}],"replies":[{"embeddable":true,"href":"https:\/\/streetmarkets.fr\/app\/wp-json\/wp\/v2\/comments?post=719547"}],"wp:featuredmedia":[{"embeddable":true,"href":"https:\/\/streetmarkets.fr\/app\/wp-json\/wp\/v2\/media\/719548"}],"wp:attachment":[{"href":"https:\/\/streetmarkets.fr\/app\/wp-json\/wp\/v2\/media?parent=719547"}],"wp:term":[{"taxonomy":"product_brand","embeddable":true,"href":"https:\/\/streetmarkets.fr\/app\/wp-json\/wp\/v2\/product_brand?post=719547"},{"taxonomy":"product_cat","embeddable":true,"href":"https:\/\/streetmarkets.fr\/app\/wp-json\/wp\/v2\/product_cat?post=719547"},{"taxonomy":"product_tag","embeddable":true,"href":"https:\/\/streetmarkets.fr\/app\/wp-json\/wp\/v2\/product_tag?post=719547"}],"curies":[{"name":"wp","href":"https:\/\/api.w.org\/{rel}","templated":true}]}}