{"id":719298,"date":"2024-10-15T18:16:35","date_gmt":"2024-10-15T16:16:35","guid":{"rendered":"https:\/\/streetmarkets.fr\/app\/produit\/maison-hotel-didi-dress-vasarely-sunset-grey\/"},"modified":"2024-10-15T18:17:19","modified_gmt":"2024-10-15T16:17:19","slug":"maison-hotel-didi-dress-vasarely-sunset-grey","status":"publish","type":"product","link":"https:\/\/streetmarkets.fr\/app\/produit\/maison-hotel-didi-dress-vasarely-sunset-grey\/","title":{"rendered":"Maison Hotel &#8211; Didi Dress &#8211; Vasarely Sunset Grey"},"content":{"rendered":"<p>La robe Didi dans notre imprim\u00e9 &#8216;Vasarely&#8217;.<\/p>\n<p>&nbsp;<\/p>\n<p>Notre imprim\u00e9 &#8220;Vasarely&#8221; imprim\u00e9 \u00e0 la main s&#8217;inspire \u00e0 la fois du p\u00e8re de l&#8217;op-art et des motifs floraux du Rajasthan.<\/p>\n<p>&nbsp;<\/p>\n<p>Confectionn\u00e9e en voile de coton super doux, la robe longue Didi a une silhouette d\u00e9contract\u00e9e, des poignets \u00e9lastiques et comprend une doublure int\u00e9rieure s\u00e9par\u00e9e.<\/p>\n<p>&nbsp;<\/p>\n<p>Associez-le \u00e0 l&#8217;une de nos r\u00e9pliques de gilets vintage et de sandales en cuir, comme illustr\u00e9 ici.<\/p>\n<p>&nbsp;<\/p>\n<p>100% Cotton.&nbsp;<br \/>We recommend hand wash only.<\/p>\n","protected":false},"excerpt":{"rendered":"<p>La robe Didi dans notre imprim\u00e9 &#8216;Vasarely&#8217;. &nbsp; Notre imprim\u00e9 &#8220;Vasarely&#8221; imprim\u00e9 \u00e0 la main s&#8217;inspire \u00e0 la fois du p\u00e8re de l&#8217;op-art et des motifs floraux du Rajasthan. &nbsp; Confectionn\u00e9e en voile de coton super doux, la robe longue Didi a une silhouette d\u00e9contract\u00e9e, des poignets \u00e9lastiques et comprend une doublure int\u00e9rieure s\u00e9par\u00e9e. &nbsp; [&hellip;]<\/p>\n","protected":false},"featured_media":719299,"comment_status":"open","ping_status":"closed","template":"","meta":[],"product_brand":[],"product_cat":[1756,1762],"product_tag":[],"acf":[],"_links":{"self":[{"href":"https:\/\/streetmarkets.fr\/app\/wp-json\/wp\/v2\/product\/719298"}],"collection":[{"href":"https:\/\/streetmarkets.fr\/app\/wp-json\/wp\/v2\/product"}],"about":[{"href":"https:\/\/streetmarkets.fr\/app\/wp-json\/wp\/v2\/types\/product"}],"replies":[{"embeddable":true,"href":"https:\/\/streetmarkets.fr\/app\/wp-json\/wp\/v2\/comments?post=719298"}],"wp:featuredmedia":[{"embeddable":true,"href":"https:\/\/streetmarkets.fr\/app\/wp-json\/wp\/v2\/media\/719299"}],"wp:attachment":[{"href":"https:\/\/streetmarkets.fr\/app\/wp-json\/wp\/v2\/media?parent=719298"}],"wp:term":[{"taxonomy":"product_brand","embeddable":true,"href":"https:\/\/streetmarkets.fr\/app\/wp-json\/wp\/v2\/product_brand?post=719298"},{"taxonomy":"product_cat","embeddable":true,"href":"https:\/\/streetmarkets.fr\/app\/wp-json\/wp\/v2\/product_cat?post=719298"},{"taxonomy":"product_tag","embeddable":true,"href":"https:\/\/streetmarkets.fr\/app\/wp-json\/wp\/v2\/product_tag?post=719298"}],"curies":[{"name":"wp","href":"https:\/\/api.w.org\/{rel}","templated":true}]}}