{"id":719172,"date":"2024-10-15T18:16:01","date_gmt":"2024-10-15T16:16:01","guid":{"rendered":"https:\/\/streetmarkets.fr\/app\/produit\/dph-short-tang-rose-fluo\/"},"modified":"2024-10-15T18:16:33","modified_gmt":"2024-10-15T16:16:33","slug":"dph-short-tang-rose-fluo","status":"publish","type":"product","link":"https:\/\/streetmarkets.fr\/app\/produit\/dph-short-tang-rose-fluo\/","title":{"rendered":"DPH &#8211; SHORT TANG ROSE FLUO"},"content":{"rendered":"<p>Cet \u00e9t\u00e9, choisissez le confort de ce short en lin \u00e0 l&#8217;\u00e9l\u00e9gance d\u00e9contract\u00e9e. Fluide et facile \u00e0 associer, de larges pans \u00e0 nouer structurent ce mod\u00e8le \u00e0 porter avec un t-shirt imprim\u00e9 pour les vacances.<br \/>\u2022 Short en lin<br \/>\u2022 Coupe ample<br \/>\u2022 Taille \u00e9lastiqu\u00e9e<br \/>\u2022 Pans oversize \u00e0 nouer devant<br \/>\u2022 Fermeture zipp\u00e9e et boutonn\u00e9e<br \/>\u2022 Poches italiennes devant<br \/>\u2022 Coloris Rose fluo : un rose fluo floral et \u00e9clatant<br \/>\u2022 Mod\u00e8le dessin\u00e9 \u00e0 Paris par notre styliste<br \/>\u2022 Longueur (sans la ceinture) : 37,5 cm pour une taille 1<br \/>\u2022 Rose mesure 1m73 et porte une taille 1COMPOSITION<\/p>\n<p>100% LIN<br \/>Fabriqu\u00e9 \u00e0 Madagascar<\/p>\n","protected":false},"excerpt":{"rendered":"<p>Cet \u00e9t\u00e9, choisissez le confort de ce short en lin \u00e0 l&#8217;\u00e9l\u00e9gance d\u00e9contract\u00e9e. Fluide et facile \u00e0 associer, de larges pans \u00e0 nouer structurent ce mod\u00e8le \u00e0 porter avec un t-shirt imprim\u00e9 pour les vacances.\u2022 Short en lin\u2022 Coupe ample\u2022 Taille \u00e9lastiqu\u00e9e\u2022 Pans oversize \u00e0 nouer devant\u2022 Fermeture zipp\u00e9e et boutonn\u00e9e\u2022 Poches italiennes devant\u2022 Coloris [&hellip;]<\/p>\n","protected":false},"featured_media":719173,"comment_status":"open","ping_status":"closed","template":"","meta":[],"product_brand":[],"product_cat":[1756,1758],"product_tag":[],"acf":[],"_links":{"self":[{"href":"https:\/\/streetmarkets.fr\/app\/wp-json\/wp\/v2\/product\/719172"}],"collection":[{"href":"https:\/\/streetmarkets.fr\/app\/wp-json\/wp\/v2\/product"}],"about":[{"href":"https:\/\/streetmarkets.fr\/app\/wp-json\/wp\/v2\/types\/product"}],"replies":[{"embeddable":true,"href":"https:\/\/streetmarkets.fr\/app\/wp-json\/wp\/v2\/comments?post=719172"}],"wp:featuredmedia":[{"embeddable":true,"href":"https:\/\/streetmarkets.fr\/app\/wp-json\/wp\/v2\/media\/719173"}],"wp:attachment":[{"href":"https:\/\/streetmarkets.fr\/app\/wp-json\/wp\/v2\/media?parent=719172"}],"wp:term":[{"taxonomy":"product_brand","embeddable":true,"href":"https:\/\/streetmarkets.fr\/app\/wp-json\/wp\/v2\/product_brand?post=719172"},{"taxonomy":"product_cat","embeddable":true,"href":"https:\/\/streetmarkets.fr\/app\/wp-json\/wp\/v2\/product_cat?post=719172"},{"taxonomy":"product_tag","embeddable":true,"href":"https:\/\/streetmarkets.fr\/app\/wp-json\/wp\/v2\/product_tag?post=719172"}],"curies":[{"name":"wp","href":"https:\/\/api.w.org\/{rel}","templated":true}]}}